{"id":90877,"date":"2025-11-20T20:21:00","date_gmt":"2025-11-20T19:21:00","guid":{"rendered":"https:\/\/archacademy.it\/?post_type=product&#038;p=90877"},"modified":"2026-02-10T11:04:17","modified_gmt":"2026-02-10T10:04:17","slug":"baukultur-fur-alle-wie-ein-privater-verein-sich-fur-baukultur-engagiert","status":"publish","type":"product","link":"https:\/\/archacademy.it\/de\/prodotto\/baukultur-fur-alle-wie-ein-privater-verein-sich-fur-baukultur-engagiert\/","title":{"rendered":"BAUKULTUR F\u00dcR ALLE!? Wie ein privater Verein sich f\u00fcr Baukultur engagiert"},"content":{"rendered":"","protected":false},"excerpt":{"rendered":"<p>Die Architekturstiftung S\u00fcdtirol l\u00e4dt Sie ganz herzlich zum n\u00e4chsten Abend der digitalen Veranstaltungsreihe <span class=\"fontstyle0\">\u00bbBaukultur, Landschaft und Raumordnung\u00ab ein, welche bereits seit 3 Jahren l\u00e4uft und die Bev\u00f6lkerung, die\u00a0<\/span><span class=\"fontstyle0\">Techniker und die Politiker zu diesem Thema sensibilisieren m\u00f6chte.<\/span><\/p>\n<p><span class=\"fontstyle0\">Der B\u00fcndner Heimatschutz ist die bedeutendste non-profi t-Organisation im Kanton Graub\u00fcnden. Als zivilgesellschaftliche <\/span><span class=\"fontstyle0\">Initiative vor 120 Jahren in Leben gerufen, z\u00e4hlt er heute rund 570 Mitglieder. Wie gelingt es dieser vergleichsweise\u00a0<\/span><span class=\"fontstyle0\">kleinen Vereinigung, sich als ernst zu nehmende Stimme im baukulturellen Diskurs des gr\u00f6ssten Schweizer Kantons <\/span><span class=\"fontstyle0\">einzubringen? Gesch\u00e4ftsleiterin Ludmila Seifert erz\u00e4hlt \u00fcber erfolgreiche Aktionen und verlorene K\u00e4mpfe \u2013 und spricht \u00fcber <\/span><span class=\"fontstyle0\">die Herausforderungen der Gegenwart.<\/span><\/p>\n<p><strong>Programma | Programm:<\/strong><\/p>\n<ul>\n<li>Einleitende Worte, <strong>Arch. Carlo Calderan<\/strong><\/li>\n<li>Vortrag von \u00a0<span class=\"fontstyle0\"><strong>Ludmilla Seifert<\/strong>, CH<\/span><\/li>\n<li>Fragen und Diskussion<\/li>\n<\/ul>\n<p><strong>Conducono | Moderation<\/strong>:<br \/>\nArch. Margot Wittig | Arch. Marlene Roner<\/p>\n<p>Tedesco (senza traduzione) | Deutsch (ohne \u00dcbersetzung)<\/p>\n<p><a href=\"https:\/\/stiftung.arch.bz.it\/de\/\" target=\"_blank\" rel=\"noopener noreferrer\">Architekturstiftung S\u00fcdtirol<\/a><br \/>\n<a href=\"mailto:stiftung@arch.bz.it\">stiftung@arch.bz.it<\/a><br \/>\n0471 301751<\/p>\n<p>In collaborazione con | In Zusammenarbeit mit<\/p>\n<p><img decoding=\"async\" class=\"\" src=\"https:\/\/archacademy.it\/wp-content\/uploads\/2025\/11\/Heimatpflegeverband-1.jpg\" width=\"434\" height=\"175\" \/><\/p>\n<p>Con il gentile sostegno di | Mit freundlicher Unterst\u00fctzung von<\/p>\n<p><img decoding=\"async\" class=\"\" src=\"https:\/\/archacademy.it\/wp-content\/uploads\/2025\/10\/AutonomeProvinz.png\" width=\"475\" height=\"119\" \/><\/p>\n","protected":false},"author":92727,"featured_media":85022,"comment_status":"closed","ping_status":"closed","template":"","meta":{"_expiration-date-status":"","_expiration-date":0,"_expiration-date-type":"","_expiration-date-categories":[],"_expiration-date-options":[]},"product_cat":[297,30],"product_tag":[],"class_list":{"0":"post-90877","1":"product","2":"type-product","3":"status-publish","4":"has-post-thumbnail","6":"product_cat-architettura","7":"product_cat-webinars","8":"myxclima-home","9":"tm-has-options","11":"first","12":"outofstock","13":"virtual","14":"sold-individually","15":"taxable","16":"purchasable","17":"product-type-simple"},"_links":{"self":[{"href":"https:\/\/archacademy.it\/de\/wp-json\/wp\/v2\/product\/90877"}],"collection":[{"href":"https:\/\/archacademy.it\/de\/wp-json\/wp\/v2\/product"}],"about":[{"href":"https:\/\/archacademy.it\/de\/wp-json\/wp\/v2\/types\/product"}],"author":[{"embeddable":true,"href":"https:\/\/archacademy.it\/de\/wp-json\/wp\/v2\/users\/92727"}],"replies":[{"embeddable":true,"href":"https:\/\/archacademy.it\/de\/wp-json\/wp\/v2\/comments?post=90877"}],"wp:featuredmedia":[{"embeddable":true,"href":"https:\/\/archacademy.it\/de\/wp-json\/wp\/v2\/media\/85022"}],"wp:attachment":[{"href":"https:\/\/archacademy.it\/de\/wp-json\/wp\/v2\/media?parent=90877"}],"wp:term":[{"taxonomy":"product_cat","embeddable":true,"href":"https:\/\/archacademy.it\/de\/wp-json\/wp\/v2\/product_cat?post=90877"},{"taxonomy":"product_tag","embeddable":true,"href":"https:\/\/archacademy.it\/de\/wp-json\/wp\/v2\/product_tag?post=90877"}],"curies":[{"name":"wp","href":"https:\/\/api.w.org\/{rel}","templated":true}]}}

BAUKULTUR FÜR ALLE!? Wie ein privater Verein sich für Baukultur engagiert

<p>Die Architekturstiftung Südtirol lädt Sie ganz herzlich zum nächsten Abend der digitalen Veranstaltungsreihe <span class="fontstyle0">»Baukultur, Landschaft und Raumordnung« ein, welche bereits seit 3 Jahren läuft und die Bevölkerung, die </span><span class="fontstyle0">Techniker und die Politiker zu diesem Thema sensibilisieren möchte.</span></p>
<p><span class="fontstyle0">Der Bündner Heimatschutz ist die bedeutendste non-profi t-Organisation im Kanton Graubünden. Als zivilgesellschaftliche </span><span class="fontstyle0">Initiative vor 120 Jahren in Leben gerufen, zählt er heute rund 570 Mitglieder. Wie gelingt es dieser vergleichsweise </span><span class="fontstyle0">kleinen Vereinigung, sich als ernst zu nehmende Stimme im baukulturellen Diskurs des grössten Schweizer Kantons </span><span class="fontstyle0">einzubringen? Geschäftsleiterin Ludmila Seifert erzählt über erfolgreiche Aktionen und verlorene Kämpfe – und spricht über </span><span class="fontstyle0">die Herausforderungen der Gegenwart.</span></p>
<p><strong>Programma | Programm:</strong></p>
<ul>
<li>Einleitende Worte, <strong>Arch. Carlo Calderan</strong></li>
<li>Vortrag von  <span class="fontstyle0"><strong>Ludmilla Seifert</strong>, CH</span></li>
<li>Fragen und Diskussion</li>
</ul>
<p><strong>Conducono | Moderation</strong>:<br />
Arch. Margot Wittig | Arch. Marlene Roner</p>
<p>Tedesco (senza traduzione) | Deutsch (ohne Übersetzung)</p>
<p><a href="https://stiftung.arch.bz.it/de/" target="_blank" rel="noopener noreferrer">Architekturstiftung Südtirol</a><br />
<a href="mailto:stiftung@arch.bz.it">stiftung@arch.bz.it</a><br />
0471 301751</p>
<p>In collaborazione con | In Zusammenarbeit mit</p>
<p><img decoding="async" class="" src="https://archacademy.it/wp-content/uploads/2025/11/Heimatpflegeverband-1.jpg" width="434" height="175" /></p>
<p>Con il gentile sostegno di | Mit freundlicher Unterstützung von</p>
<p><img decoding="async" class="" src="https://archacademy.it/wp-content/uploads/2025/10/AutonomeProvinz.png" width="475" height="119" /></p>
