{"id":90245,"date":"2025-11-06T11:34:39","date_gmt":"2025-11-06T10:34:39","guid":{"rendered":"https:\/\/archacademy.it\/?post_type=product&#038;p=90245"},"modified":"2026-01-20T08:16:14","modified_gmt":"2026-01-20T07:16:14","slug":"mit-landschaft-planen-progettare-con-il-paesaggio","status":"publish","type":"product","link":"https:\/\/archacademy.it\/de\/prodotto\/mit-landschaft-planen-progettare-con-il-paesaggio\/","title":{"rendered":"Mit Landschaft planen | Progettare con il paesaggio"},"content":{"rendered":"","protected":false},"excerpt":{"rendered":"<p>Gli interventi effettuati dalle passate generazioni devono sempre pi\u00f9 essere valorizzati, poich\u00e9 contengono il carattere identitario dei nostri luoghi. Il paesaggio naturale e culturale \u00e8 espressione di un elevato valore architettonico ed \u00e8 inoltre ricco di storia e di emozioni; questo paesaggio deve essere sostenibile e utilizzare poche risorse. Tutto depone a favore dell\u2019uso e del riuso continuo delle nostre tradizioni edilizie e del nostro territorio che dovrebbe essere il pi\u00f9 possibile salvaguardato nelle sue forme originali. Un momento di riflessione e scambio con i membri del Comitato per la cultura edilizia ed il paesaggio.<\/p>\n<p><span style=\"color: #ff6600;\"><strong>Questo evento \u00e8 una replica dell&#8217;evento formativo del 29\/11\/2024. Il riconoscimento della formazione \u00e8 previsto per una sola partecipazione.<\/strong><\/span><\/p>\n<p><strong>Programma: <\/strong><\/p>\n<ul>\n<li>08:45 Registrazione<\/li>\n<li>09:00 Saluti \u2013 Direttore di Ripartizione Florian Zerzer e Direttrice d\u2019Ufficio Carlotta Polo<\/li>\n<li>09:30 <strong>Erhalt und Wieder-verwendung. Mit dem baukulturellen Wert und der Schonung der Ressourcen planen.<\/strong> \u2013 Conradin Clavuot<\/li>\n<li>10:15 <strong>Le tipologie sono oggi di attualit\u00e0?<\/strong> \u2013 Sebastiano Brandolini<\/li>\n<li>11:00 pausa caff\u00e8<\/li>\n<li>11:20 <strong>Baukultur und \u00f6konomische Unterst\u00fctzungen.<\/strong> \u2013 Martina Pecher<\/li>\n<li>11:45 <strong>Von der Landschaft bis zur Architektur: Crashkurs Landschafts-architektur <\/strong>\u2013 Lilli Li\u010dka<\/li>\n<li>12:30 Saluti &#8211; Assessore Peter Brunner<\/li>\n<li>12:40 Discussione<\/li>\n<\/ul>\n<p><strong>Moderazione<\/strong>: Martina Pecher<\/p>\n<p><strong>Lingua:<\/strong><br \/>\nA seconda dei titoli degli interventi (senza traduzione)<\/p>\n<p><strong>Nota:<br \/>\n<span style=\"color: #ff6600;\">Il presente evento \u00e8 gi\u00e0 considerato formazione obbligatoria per tutti coloro che sono iscritti nel registro degli esperti e delle esperte in materia di urbanistica, natura, paesaggio, cultura edilizia, economia, sociale, scienze agrarie e forestali e pericoli naturali. <\/span><\/strong><br \/>\n<span style=\"color: #ff6600;\"><strong>L\u2019evento sar\u00e0 registrato e reso disponibile come e-learning sulla Homepage della Ripartizione. Potr\u00e0 essere utilizzato \u2013 in alternativa alla partecipazione in presenza \u2013 dagli esperti e dalle esperte iscritti\/e nell\u2019elenco come formazione obbligatoria ed \u00e8 inoltre aperto a tutti gli interessati.<\/strong><\/span><\/p>\n<p>&nbsp;<\/p>\n<p>Evento organizzato da<\/p>\n<p><img decoding=\"async\" class=\"\" src=\"https:\/\/archacademy.it\/wp-content\/uploads\/2025\/10\/AutonomeProvinz.png\" width=\"388\" height=\"97\" \/><\/p>\n","protected":false},"author":92727,"featured_media":81768,"comment_status":"closed","ping_status":"closed","template":"","meta":{"_expiration-date-status":"","_expiration-date":0,"_expiration-date-type":"","_expiration-date-categories":[],"_expiration-date-options":[]},"product_cat":[298,267],"product_tag":[],"class_list":{"0":"post-90245","1":"product","2":"type-product","3":"status-publish","4":"has-post-thumbnail","6":"product_cat-architettura-2","7":"product_cat-onsite","8":"tm-has-options","10":"first","11":"outofstock","12":"virtual","13":"sold-individually","14":"taxable","15":"purchasable","16":"product-type-simple"},"_links":{"self":[{"href":"https:\/\/archacademy.it\/de\/wp-json\/wp\/v2\/product\/90245"}],"collection":[{"href":"https:\/\/archacademy.it\/de\/wp-json\/wp\/v2\/product"}],"about":[{"href":"https:\/\/archacademy.it\/de\/wp-json\/wp\/v2\/types\/product"}],"author":[{"embeddable":true,"href":"https:\/\/archacademy.it\/de\/wp-json\/wp\/v2\/users\/92727"}],"replies":[{"embeddable":true,"href":"https:\/\/archacademy.it\/de\/wp-json\/wp\/v2\/comments?post=90245"}],"wp:featuredmedia":[{"embeddable":true,"href":"https:\/\/archacademy.it\/de\/wp-json\/wp\/v2\/media\/81768"}],"wp:attachment":[{"href":"https:\/\/archacademy.it\/de\/wp-json\/wp\/v2\/media?parent=90245"}],"wp:term":[{"taxonomy":"product_cat","embeddable":true,"href":"https:\/\/archacademy.it\/de\/wp-json\/wp\/v2\/product_cat?post=90245"},{"taxonomy":"product_tag","embeddable":true,"href":"https:\/\/archacademy.it\/de\/wp-json\/wp\/v2\/product_tag?post=90245"}],"curies":[{"name":"wp","href":"https:\/\/api.w.org\/{rel}","templated":true}]}}

<p>Gli interventi effettuati dalle passate generazioni devono sempre più essere valorizzati, poiché contengono il carattere identitario dei nostri luoghi. Il paesaggio naturale e culturale è espressione di un elevato valore architettonico ed è inoltre ricco di storia e di emozioni; questo paesaggio deve essere sostenibile e utilizzare poche risorse. Tutto depone a favore dell’uso e del riuso continuo delle nostre tradizioni edilizie e del nostro territorio che dovrebbe essere il più possibile salvaguardato nelle sue forme originali. Un momento di riflessione e scambio con i membri del Comitato per la cultura edilizia ed il paesaggio.</p>
<p><span style="color: #ff6600;"><strong>Questo evento è una replica dell&#8217;evento formativo del 29/11/2024. Il riconoscimento della formazione è previsto per una sola partecipazione.</strong></span></p>
<p><strong>Programma: </strong></p>
<ul>
<li>08:45 Registrazione</li>
<li>09:00 Saluti – Direttore di Ripartizione Florian Zerzer e Direttrice d’Ufficio Carlotta Polo</li>
<li>09:30 <strong>Erhalt und Wieder-verwendung. Mit dem baukulturellen Wert und der Schonung der Ressourcen planen.</strong> – Conradin Clavuot</li>
<li>10:15 <strong>Le tipologie sono oggi di attualità?</strong> – Sebastiano Brandolini</li>
<li>11:00 pausa caffè</li>
<li>11:20 <strong>Baukultur und ökonomische Unterstützungen.</strong> – Martina Pecher</li>
<li>11:45 <strong>Von der Landschaft bis zur Architektur: Crashkurs Landschafts-architektur </strong>– Lilli Lička</li>
<li>12:30 Saluti &#8211; Assessore Peter Brunner</li>
<li>12:40 Discussione</li>
</ul>
<p><strong>Moderazione</strong>: Martina Pecher</p>
<p><strong>Lingua:</strong><br />
A seconda dei titoli degli interventi (senza traduzione)</p>
<p><strong>Nota:<br />
<span style="color: #ff6600;">Il presente evento è già considerato formazione obbligatoria per tutti coloro che sono iscritti nel registro degli esperti e delle esperte in materia di urbanistica, natura, paesaggio, cultura edilizia, economia, sociale, scienze agrarie e forestali e pericoli naturali. </span></strong><br />
<span style="color: #ff6600;"><strong>L’evento sarà registrato e reso disponibile come e-learning sulla Homepage della Ripartizione. Potrà essere utilizzato – in alternativa alla partecipazione in presenza – dagli esperti e dalle esperte iscritti/e nell’elenco come formazione obbligatoria ed è inoltre aperto a tutti gli interessati.</strong></span></p>
<p>&nbsp;</p>
<p>Evento organizzato da</p>
<p><img decoding="async" class="" src="https://archacademy.it/wp-content/uploads/2025/10/AutonomeProvinz.png" width="388" height="97" /></p>
