{"id":89917,"date":"2025-10-23T14:05:15","date_gmt":"2025-10-23T12:05:15","guid":{"rendered":"https:\/\/archacademy.it\/?post_type=product&#038;p=89917"},"modified":"2025-11-22T12:27:21","modified_gmt":"2025-11-22T11:27:21","slug":"bauen-fur-morgen-erleben-fachexkursion","status":"publish","type":"product","link":"https:\/\/archacademy.it\/de\/prodotto\/bauen-fur-morgen-erleben-fachexkursion\/","title":{"rendered":"Bauen f\u00fcr Morgen erleben &#8211; Fachexkursion"},"content":{"rendered":"","protected":false},"excerpt":{"rendered":"<h3>Stadtwohnzimmer Bad Feilnbach und\u00a0<span class=\"fontstyle0\">Forschungsh\u00e4user Einfach bauen in Bad Aibling<\/span><\/h3>\n<p>Einladung zu einer spannenden Fachexkursion, bei der zwei inspirierende Orte besucht werden, an denen Zukunft bereits gelebt wird. In <strong>Bad Aibling<\/strong> erwarten uns die innovativen Forschungsh\u00e4user der TU M\u00fcnchen \u2013 reale Testumgebungen f\u00fcr zukunftsorientiertes Wohnen und einfaches Bauen. Das Stadtwohnzimmer in <strong>Bad Feilnbach <\/strong>zeigt eindrucksvoll, wie aus ungenutzten Geb\u00e4uden im Ortszentrum Orte des Miteinanders entstehen k\u00f6nnen. Freuen wir uns auf spannende Einblicke, inspirierende Gespr\u00e4che und vor allem praxisnahe Beispiele f\u00fcr das Bauen und Wohnen von Morgen.<\/p>\n<p><strong>Programma | Programm<\/strong><\/p>\n<p>Bad Feilnbach &#8211; <strong>Tannenhof Wohnzimmer<br \/>\n<\/strong>Anton Wallner, Altb\u00fcrgermeister von Bad Feilnbach, trieb mit Offenheit f\u00fcr Visionen wichtige Projekte voran. Durch Strukturwandel frei gewordene Geb\u00e4ude wurden neu genutzt, die Ortsmitte belebt und beim Projekt \u201eTannenhof\u201c innovative Wege eingeschlagen \u2013 initiiert durch aktive B\u00fcrgerbeteiligung.<\/p>\n<p>Bad Aibling &#8211; <strong>Forschungsh\u00e4user<br \/>\n<\/strong>In Bad Aibling stehen vier au\u00dfergew\u00f6hnliche Forschungsh\u00e4user, die zeigen, wie Bauen einfacher und nachhaltiger werden kann. Diese Geb\u00e4ude setzen auf monolithische Wandaufbauten aus Holz, Mauerwerk und Beton \u2013 ohne komplizierte Technik, aber mit maximaler Effizienz.<\/p>\n<p><span class=\"fontstyle0\">06.45 Uhr Abfahrt in Terlan<br \/>\n07.00 Uhr Abfahrt in Bozen<br \/>\n<\/span><span class=\"fontstyle0\">07.40 Uhr Abfahrt in Brixen<br \/>\n10.00 \u2013 12.30 Uhr Bad Feilnbach,\u00a0<\/span><span class=\"fontstyle0\">inkl. Mittagessen<br \/>\n<\/span><span class=\"fontstyle0\">13.00 \u2013 17.00 Uhr Bad Aibling<br \/>\n17.00 \u2013 20.30 Uhr R\u00fcckfahrt nach Bozen<br \/>\n<\/span><strong><br \/>\nLingua | Sprache:<\/strong><br \/>\nTedesco (senza traduzione) | Deutsch (ohne \u00dcbersetzung)<br \/>\n<strong><br \/>\nCrediti formativi professionali previsti per | Berufliche Fortbildungs-Credits f\u00fcr:<br \/>\n<\/strong>Architetti BZ | Architekten BZ: 7 CFP |\u00a0 BFC<br \/>\nIngegneri BZ | Ingenieure BZ:\u00a0 CFP |\u00a0 BFC (richiesti | angefragt)<br \/>\nGeometri BZ | Geometer BZ: CFP |\u00a0 BFC (richiesti | angefragt)<br \/>\nPeriti Industriali BZ: CFP |\u00a0 BFC (richiesti | angefragt)<\/p>\n<p>Zum Erhalt der Fortbildungs-Credits ist eine Anmeldung \u00fcber diese Anmeldeplattform zwingend notwendig.<\/p>\n<p><strong>Anmeldeschluss<\/strong>: 03\/11\/2025 | Die Anmeldegeb\u00fchr enth\u00e4lt <span class=\"fontstyle0\">die Fahrt, Mittagessen und F\u00fchrungen in Bad Feilnbach und Bad Aibling.<\/span><\/p>\n","protected":false},"author":92727,"featured_media":89918,"comment_status":"closed","ping_status":"closed","template":"","meta":{"_expiration-date-status":"","_expiration-date":0,"_expiration-date-type":"","_expiration-date-categories":[],"_expiration-date-options":[]},"product_cat":[298,267],"product_tag":[],"class_list":{"0":"post-89917","1":"product","2":"type-product","3":"status-publish","4":"has-post-thumbnail","6":"product_cat-architettura-2","7":"product_cat-onsite","8":"myxclima-home","9":"tm-has-options","11":"first","12":"outofstock","13":"virtual","14":"sold-individually","15":"taxable","16":"purchasable","17":"product-type-simple"},"_links":{"self":[{"href":"https:\/\/archacademy.it\/de\/wp-json\/wp\/v2\/product\/89917"}],"collection":[{"href":"https:\/\/archacademy.it\/de\/wp-json\/wp\/v2\/product"}],"about":[{"href":"https:\/\/archacademy.it\/de\/wp-json\/wp\/v2\/types\/product"}],"author":[{"embeddable":true,"href":"https:\/\/archacademy.it\/de\/wp-json\/wp\/v2\/users\/92727"}],"replies":[{"embeddable":true,"href":"https:\/\/archacademy.it\/de\/wp-json\/wp\/v2\/comments?post=89917"}],"wp:featuredmedia":[{"embeddable":true,"href":"https:\/\/archacademy.it\/de\/wp-json\/wp\/v2\/media\/89918"}],"wp:attachment":[{"href":"https:\/\/archacademy.it\/de\/wp-json\/wp\/v2\/media?parent=89917"}],"wp:term":[{"taxonomy":"product_cat","embeddable":true,"href":"https:\/\/archacademy.it\/de\/wp-json\/wp\/v2\/product_cat?post=89917"},{"taxonomy":"product_tag","embeddable":true,"href":"https:\/\/archacademy.it\/de\/wp-json\/wp\/v2\/product_tag?post=89917"}],"curies":[{"name":"wp","href":"https:\/\/api.w.org\/{rel}","templated":true}]}}

Bauen für Morgen erleben &#8211; Fachexkursion

<h3>Stadtwohnzimmer Bad Feilnbach und <span class="fontstyle0">Forschungshäuser Einfach bauen in Bad Aibling</span></h3>
<p>Einladung zu einer spannenden Fachexkursion, bei der zwei inspirierende Orte besucht werden, an denen Zukunft bereits gelebt wird. In <strong>Bad Aibling</strong> erwarten uns die innovativen Forschungshäuser der TU München – reale Testumgebungen für zukunftsorientiertes Wohnen und einfaches Bauen. Das Stadtwohnzimmer in <strong>Bad Feilnbach </strong>zeigt eindrucksvoll, wie aus ungenutzten Gebäuden im Ortszentrum Orte des Miteinanders entstehen können. Freuen wir uns auf spannende Einblicke, inspirierende Gespräche und vor allem praxisnahe Beispiele für das Bauen und Wohnen von Morgen.</p>
<p><strong>Programma | Programm</strong></p>
<p>Bad Feilnbach &#8211; <strong>Tannenhof Wohnzimmer<br />
</strong>Anton Wallner, Altbürgermeister von Bad Feilnbach, trieb mit Offenheit für Visionen wichtige Projekte voran. Durch Strukturwandel frei gewordene Gebäude wurden neu genutzt, die Ortsmitte belebt und beim Projekt „Tannenhof“ innovative Wege eingeschlagen – initiiert durch aktive Bürgerbeteiligung.</p>
<p>Bad Aibling &#8211; <strong>Forschungshäuser<br />
</strong>In Bad Aibling stehen vier außergewöhnliche Forschungshäuser, die zeigen, wie Bauen einfacher und nachhaltiger werden kann. Diese Gebäude setzen auf monolithische Wandaufbauten aus Holz, Mauerwerk und Beton – ohne komplizierte Technik, aber mit maximaler Effizienz.</p>
<p><span class="fontstyle0">06.45 Uhr Abfahrt in Terlan<br />
07.00 Uhr Abfahrt in Bozen<br />
</span><span class="fontstyle0">07.40 Uhr Abfahrt in Brixen<br />
10.00 – 12.30 Uhr Bad Feilnbach, </span><span class="fontstyle0">inkl. Mittagessen<br />
</span><span class="fontstyle0">13.00 – 17.00 Uhr Bad Aibling<br />
17.00 – 20.30 Uhr Rückfahrt nach Bozen<br />
</span><strong><br />
Lingua | Sprache:</strong><br />
Tedesco (senza traduzione) | Deutsch (ohne Übersetzung)<br />
<strong><br />
Crediti formativi professionali previsti per | Berufliche Fortbildungs-Credits für:<br />
</strong>Architetti BZ | Architekten BZ: 7 CFP |  BFC<br />
Ingegneri BZ | Ingenieure BZ:  CFP |  BFC (richiesti | angefragt)<br />
Geometri BZ | Geometer BZ: CFP |  BFC (richiesti | angefragt)<br />
Periti Industriali BZ: CFP |  BFC (richiesti | angefragt)</p>
<p>Zum Erhalt der Fortbildungs-Credits ist eine Anmeldung über diese Anmeldeplattform zwingend notwendig.</p>
<p><strong>Anmeldeschluss</strong>: 03/11/2025 | Die Anmeldegebühr enthält <span class="fontstyle0">die Fahrt, Mittagessen und Führungen in Bad Feilnbach und Bad Aibling.</span></p>
