{"id":89809,"date":"2025-10-16T07:22:36","date_gmt":"2025-10-16T05:22:36","guid":{"rendered":"https:\/\/archacademy.it\/?post_type=product&#038;p=89809"},"modified":"2025-11-06T09:25:39","modified_gmt":"2025-11-06T08:25:39","slug":"zeichnen-experience-fur-architekten","status":"publish","type":"product","link":"https:\/\/archacademy.it\/de\/prodotto\/zeichnen-experience-fur-architekten\/","title":{"rendered":"ZEICHNEN-EXPERIENCE F\u00dcR ARCHITEKTEN"},"content":{"rendered":"","protected":false},"excerpt":{"rendered":"<p><span class=\"fontstyle0\">Es freut uns in Zusammenarbeit mit dem K\u00fcnstler <strong>PETER SENONER<\/strong>&#8211;<\/span><span class=\"fontstyle0\">ARTISTIC DRAWING ACADEMY- und der K\u00fcnstlerin <\/span><span class=\"fontstyle0\"><strong>KAROLINA GACKE<\/strong> einen Zeichenkurs anzubieten.<br \/>\nUnser digitales Leben mit zunehmender K\u00fcnstlicher Intelligenz macht es besonders wichtig, die <\/span><span class=\"fontstyle0\">essentiellen kreativen Grundlagen zu beherrschen. Mit einfachen Materialien wie Bleistift, Farbe und\u00a0<\/span><span class=\"fontstyle0\">Papier erforschen wir das Zeichnen, schulen unseren Fokus und unsere Auge-Hand-Koordination.\u00a0<\/span><span class=\"fontstyle0\">Wir arbeiten an Ideengenerierung, Proportion, Komposition, Anatomie und Perspektive. In diesem\u00a0<\/span><span class=\"fontstyle0\">Kurs geht es um ein vertieftes Verst\u00e4ndnis und eine weitere Entwicklung von zeichnerischen\u00a0<\/span><span class=\"fontstyle0\">Kompetenzen. Es soll die Beobachtungsgabe gesch\u00e4rft und individuelle Formensprachen gest\u00e4rkt <\/span><span class=\"fontstyle0\">werden. Wesentlicher Schwerpunkt der Zeichnungsmodule sind narrative Bildzusammenh\u00e4nge: \u00fcber\u00a0<\/span><span class=\"fontstyle0\">Einzelbeobachtungen hinaus sollen Zusammenh\u00e4nge erl\u00e4utert werden. Dabei wird eine Vielzahl\u00a0<\/span><span class=\"fontstyle0\">zeichnerischer Methoden angewandt.\u00a0<\/span><span class=\"fontstyle0\">Erreicht werden sollte die F\u00e4higkeit, eine k\u00fcnstlerische Idee und deren zusammenh\u00e4ngende Abfolge\u00a0<\/span><span class=\"fontstyle0\">als logische, narrative Handlung darzustellen.<br \/>\n<\/span><br \/>\n<span class=\"fontstyle0\"><span class=\"fontstyle2\"><strong>Programm:<br \/>\n<\/strong><\/span><\/span><\/p>\n<p><strong>Grundtechniken<\/strong>: Linien, T\u00f6ne und Licht; die Teilnehmer \u00fcben Techniken zum Hervorheben von Licht und Schatten (Schraffur, Verblenden, etc.), verstehen Werte und Tonwertumfang<br \/>\n<strong>Zeichnen nach lebendem Modell: <\/strong>Einf\u00fchrung in die Proportionen und Anatomie des Menschen. Die Teilnehmer \u00fcben das Skizzieren der menschlichen Figur anhand von Grundformen<br \/>\n<strong>Portrait\/H\u00e4nde-zeichnen nach lebendem Modell<\/strong>: Zeichnen des Kopfes. Die Teilnehmer untersuchen anhand eines Modells verschiedene Positionen des Kopfes und der Gesichtsz\u00fcge<br \/>\n<strong>Stillleben\/ Objekte zeichnen aus der Beobachtung<\/strong>: Die Teilnehmer \u00fcben das Zeichnen der richtigen Form und Gr\u00f6\u00dfe verschiedener Objekte, arbeiten an Proportionen und Ma\u00dfst\u00e4ben<br \/>\n<strong>Bildaufbau und Komposition<\/strong>: Die Teilnehmer \u00fcben Perspektive und die Positionierung von Objekten, um ein harmonisches Gesamtwerk zu gestalten.<br \/>\n<strong>Emotionales zeichnen<\/strong>: Die Teilnehmer \u00fcben, ihre Gef\u00fchle zu zeichnen; nicht das, was sie sehen. Sie \u00fcben dies, indem sie verschiedene Texturen ertasten und versuchen, ihre dadurch losgel\u00f6sten Gef\u00fchle auszudr\u00fccken. Sie \u00fcben auch, Emotionen durch Markierungen auf Papier auszudr\u00fccken. Gemeinsame Werkbesprechung und Analyse der einzelnen Arbeiten.<br \/>\n<strong><br \/>\nMaterialien mitzubringen<br \/>\n<\/strong>Papier mindestens A4 Gr\u00f6\u00dfe, min.180gm, verschiedene Bleistifte zb. 2B, 9B, 12B<br \/>\nWer m\u00f6chte, kann auch gerne weitere bevorzugte Materialien mitbringen: Graphit, Kohle, Pigmentstifte, Radierer, Farben, Pinsel, Wachskreiden, Eddings etc.. Verschiedene weitere Papiere nach Vorlieben, alle Formate m\u00f6glich.<\/p>\n<p>Auch elektronische Zeichenger\u00e4te sind willkommen.<br \/>\n<strong><br \/>\nDie Fortbildung besteht aus 5 Modulen und findet an folgenden Terminen statt:<br \/>\n<\/strong>Do 06\/11\/2025 \u2013 18:30-20:30<br \/>\nDo 13\/11\/2025 \u2013 18:30-20:30<br \/>\nDo 20\/11\/2025 \u2013 18:30-20:30<br \/>\nDo 27\/11\/2025 \u2013 18:30-20:30<br \/>\nDo 04\/12\/2025 \u2013 18:30-20:30<br \/>\n<strong>Alle Zeichenmodule sind f\u00fcr jedes Niveau, Beginner oder Profi, geeignet.<br \/>\nKeine Vorkenntnisse erforderlich.<\/strong><\/p>\n<p>Individuelle Werkbesprechungen mit den Teilnehmern nach den jeweiligen Arbeitsfortschritten.<\/p>\n<p><strong>Sprache:<br \/>\n<\/strong>Deutsch | Italienisch | Englisch<\/p>\n<p>&nbsp;<\/p>\n<p><span style=\"color: #ff6600;\"><strong>Die Teilnehmerzahl ist begrenzt \u2013 Anmeldung innerhalb 03\/11\/2025<\/strong><\/span><\/p>\n<p>Zur Erlangung der vorgesehenen Fortbildungscredits ist die Anwesenheit an der gesamten Fortbildung erforderlich.<\/p>\n<p>&nbsp;<\/p>\n<p><img decoding=\"async\" class=\"\" src=\"https:\/\/archacademy.it\/wp-content\/uploads\/2025\/10\/LogoSenoner.png\" width=\"213\" height=\"193\" \/> <img decoding=\"async\" class=\"\" src=\"https:\/\/archacademy.it\/wp-content\/uploads\/2025\/10\/ADA.png\" width=\"170\" height=\"170\" \/><\/p>\n","protected":false},"author":92727,"featured_media":89812,"comment_status":"closed","ping_status":"closed","template":"","meta":{"_expiration-date-status":"","_expiration-date":0,"_expiration-date-type":"","_expiration-date-categories":[],"_expiration-date-options":[]},"product_cat":[298,267],"product_tag":[],"class_list":{"0":"post-89809","1":"product","2":"type-product","3":"status-publish","4":"has-post-thumbnail","6":"product_cat-architettura-2","7":"product_cat-onsite","8":"myxclima-home","9":"tm-has-options","11":"first","12":"outofstock","13":"downloadable","14":"virtual","15":"sold-individually","16":"taxable","17":"purchasable","18":"product-type-simple"},"_links":{"self":[{"href":"https:\/\/archacademy.it\/de\/wp-json\/wp\/v2\/product\/89809"}],"collection":[{"href":"https:\/\/archacademy.it\/de\/wp-json\/wp\/v2\/product"}],"about":[{"href":"https:\/\/archacademy.it\/de\/wp-json\/wp\/v2\/types\/product"}],"author":[{"embeddable":true,"href":"https:\/\/archacademy.it\/de\/wp-json\/wp\/v2\/users\/92727"}],"replies":[{"embeddable":true,"href":"https:\/\/archacademy.it\/de\/wp-json\/wp\/v2\/comments?post=89809"}],"wp:featuredmedia":[{"embeddable":true,"href":"https:\/\/archacademy.it\/de\/wp-json\/wp\/v2\/media\/89812"}],"wp:attachment":[{"href":"https:\/\/archacademy.it\/de\/wp-json\/wp\/v2\/media?parent=89809"}],"wp:term":[{"taxonomy":"product_cat","embeddable":true,"href":"https:\/\/archacademy.it\/de\/wp-json\/wp\/v2\/product_cat?post=89809"},{"taxonomy":"product_tag","embeddable":true,"href":"https:\/\/archacademy.it\/de\/wp-json\/wp\/v2\/product_tag?post=89809"}],"curies":[{"name":"wp","href":"https:\/\/api.w.org\/{rel}","templated":true}]}}

ZEICHNEN-EXPERIENCE FÜR ARCHITEKTEN

<p><span class="fontstyle0">Es freut uns in Zusammenarbeit mit dem Künstler <strong>PETER SENONER</strong>&#8211;</span><span class="fontstyle0">ARTISTIC DRAWING ACADEMY- und der Künstlerin </span><span class="fontstyle0"><strong>KAROLINA GACKE</strong> einen Zeichenkurs anzubieten.<br />
Unser digitales Leben mit zunehmender Künstlicher Intelligenz macht es besonders wichtig, die </span><span class="fontstyle0">essentiellen kreativen Grundlagen zu beherrschen. Mit einfachen Materialien wie Bleistift, Farbe und </span><span class="fontstyle0">Papier erforschen wir das Zeichnen, schulen unseren Fokus und unsere Auge-Hand-Koordination. </span><span class="fontstyle0">Wir arbeiten an Ideengenerierung, Proportion, Komposition, Anatomie und Perspektive. In diesem </span><span class="fontstyle0">Kurs geht es um ein vertieftes Verständnis und eine weitere Entwicklung von zeichnerischen </span><span class="fontstyle0">Kompetenzen. Es soll die Beobachtungsgabe geschärft und individuelle Formensprachen gestärkt </span><span class="fontstyle0">werden. Wesentlicher Schwerpunkt der Zeichnungsmodule sind narrative Bildzusammenhänge: über </span><span class="fontstyle0">Einzelbeobachtungen hinaus sollen Zusammenhänge erläutert werden. Dabei wird eine Vielzahl </span><span class="fontstyle0">zeichnerischer Methoden angewandt. </span><span class="fontstyle0">Erreicht werden sollte die Fähigkeit, eine künstlerische Idee und deren zusammenhängende Abfolge </span><span class="fontstyle0">als logische, narrative Handlung darzustellen.<br />
</span><br />
<span class="fontstyle0"><span class="fontstyle2"><strong>Programm:<br />
</strong></span></span></p>
<p><strong>Grundtechniken</strong>: Linien, Töne und Licht; die Teilnehmer üben Techniken zum Hervorheben von Licht und Schatten (Schraffur, Verblenden, etc.), verstehen Werte und Tonwertumfang<br />
<strong>Zeichnen nach lebendem Modell: </strong>Einführung in die Proportionen und Anatomie des Menschen. Die Teilnehmer üben das Skizzieren der menschlichen Figur anhand von Grundformen<br />
<strong>Portrait/Hände-zeichnen nach lebendem Modell</strong>: Zeichnen des Kopfes. Die Teilnehmer untersuchen anhand eines Modells verschiedene Positionen des Kopfes und der Gesichtszüge<br />
<strong>Stillleben/ Objekte zeichnen aus der Beobachtung</strong>: Die Teilnehmer üben das Zeichnen der richtigen Form und Größe verschiedener Objekte, arbeiten an Proportionen und Maßstäben<br />
<strong>Bildaufbau und Komposition</strong>: Die Teilnehmer üben Perspektive und die Positionierung von Objekten, um ein harmonisches Gesamtwerk zu gestalten.<br />
<strong>Emotionales zeichnen</strong>: Die Teilnehmer üben, ihre Gefühle zu zeichnen; nicht das, was sie sehen. Sie üben dies, indem sie verschiedene Texturen ertasten und versuchen, ihre dadurch losgelösten Gefühle auszudrücken. Sie üben auch, Emotionen durch Markierungen auf Papier auszudrücken. Gemeinsame Werkbesprechung und Analyse der einzelnen Arbeiten.<br />
<strong><br />
Materialien mitzubringen<br />
</strong>Papier mindestens A4 Größe, min.180gm, verschiedene Bleistifte zb. 2B, 9B, 12B<br />
Wer möchte, kann auch gerne weitere bevorzugte Materialien mitbringen: Graphit, Kohle, Pigmentstifte, Radierer, Farben, Pinsel, Wachskreiden, Eddings etc.. Verschiedene weitere Papiere nach Vorlieben, alle Formate möglich.</p>
<p>Auch elektronische Zeichengeräte sind willkommen.<br />
<strong><br />
Die Fortbildung besteht aus 5 Modulen und findet an folgenden Terminen statt:<br />
</strong>Do 06/11/2025 – 18:30-20:30<br />
Do 13/11/2025 – 18:30-20:30<br />
Do 20/11/2025 – 18:30-20:30<br />
Do 27/11/2025 – 18:30-20:30<br />
Do 04/12/2025 – 18:30-20:30<br />
<strong>Alle Zeichenmodule sind für jedes Niveau, Beginner oder Profi, geeignet.<br />
Keine Vorkenntnisse erforderlich.</strong></p>
<p>Individuelle Werkbesprechungen mit den Teilnehmern nach den jeweiligen Arbeitsfortschritten.</p>
<p><strong>Sprache:<br />
</strong>Deutsch | Italienisch | Englisch</p>
<p>&nbsp;</p>
<p><span style="color: #ff6600;"><strong>Die Teilnehmerzahl ist begrenzt – Anmeldung innerhalb 03/11/2025</strong></span></p>
<p>Zur Erlangung der vorgesehenen Fortbildungscredits ist die Anwesenheit an der gesamten Fortbildung erforderlich.</p>
<p>&nbsp;</p>
<p><img decoding="async" class="" src="https://archacademy.it/wp-content/uploads/2025/10/LogoSenoner.png" width="213" height="193" /> <img decoding="async" class="" src="https://archacademy.it/wp-content/uploads/2025/10/ADA.png" width="170" height="170" /></p>
