{"id":89380,"date":"2025-09-18T09:56:16","date_gmt":"2025-09-18T07:56:16","guid":{"rendered":"https:\/\/archacademy.it\/?post_type=product&#038;p=89380"},"modified":"2025-10-21T12:07:05","modified_gmt":"2025-10-21T10:07:05","slug":"workshop-architekturfotografie","status":"publish","type":"product","link":"https:\/\/archacademy.it\/de\/prodotto\/workshop-architekturfotografie\/","title":{"rendered":"Workshop Architekturfotografie"},"content":{"rendered":"","protected":false},"excerpt":{"rendered":"<h3>Ein praxisnaher Fortbildungskurs der Architektenkammer S\u00fcdtirol<\/h3>\n<p><span class=\"fontstyle0\">F\u00fcr Architekten, die Fotografie nicht nur als Dokumentation, sondern als <\/span><span class=\"fontstyle0\">gestalterisches Werkzeug im Berufsalltag nutzen wollen.<br \/>\nEgal ob Sie mit Kamera\u00a0<\/span><span class=\"fontstyle0\">oder Smartphone fotografieren \u2013 entscheidend ist die Lust am Sehen, Analysieren\u00a0<\/span><span class=\"fontstyle0\">und Gestalten.<\/span><\/p>\n<p><span class=\"fontstyle0\"><span class=\"fontstyle2\"><br \/>\n<strong>Programm:<br \/>\n<\/strong><\/span><\/span><\/p>\n<p><span class=\"fontstyle0\"><strong>Freitag 24\/10\/2025 Vormittag &#8211; Beginn 10:00 bis 13:00<br \/>\n<\/strong><\/span><span class=\"fontstyle0\">&#8211; Einf\u00fchrung in die Architekturfotografie: Perspektive, Bildausschnitt, Licht<br \/>\n&#8211;\u00a0<\/span>Kurzer R\u00fcckblick auf fotografische und k\u00fcnstlerische Referenzen<br \/>\n&#8211; Vorstellung n\u00fctzlicher Ausr\u00fcstung (vom Smartphone bis zur Fachkamera)<br \/>\n&#8211; Fotografieren mit dem Smartphone: worauf achten, welche Apps helfen?<\/p>\n<p><span class=\"fontstyle0\"><strong>Freitag 24\/10\/2025 Nachmittag &#8211; Beginn 14:00 &#8211; 19:00<br \/>\n<\/strong>&#8211; Wie plane ich eine Architekturfotoserie? Vom Konzept bis zur Umsetzung<br \/>\n<\/span><span class=\"fontstyle0\">&#8211; Praxis\u00fcbung vor Ort: Erstellung einer kleinen Serie (6\u201310 Bilder)<br \/>\n<\/span><span class=\"fontstyle0\">&#8211; Schwerpunkte: Koh\u00e4renz der Bildsprache, bewusste Auswahl von\u2028<\/span><span class=\"fontstyle0\">Motiven und Perspektiven<br \/>\n<\/span><\/p>\n<p><span class=\"fontstyle0\"><strong>Samstag 25\/10\/2025 Vormittag &#8211; Beginn 09:00 &#8211; 13:00<br \/>\n<\/strong><\/span><span class=\"fontstyle0\">&#8211; Gemeinsame Sichtung und Diskussion ausgew\u00e4hlter Arbeiten<br \/>\n<\/span><span class=\"fontstyle0\">&#8211; Einblick in den professionellen Workflow: Editing, Auswahl, Bildbearbeitung<br \/>\n<\/span><span class=\"fontstyle0\">&#8211; Tipps zur Pr\u00e4sentation von Projekten und zur Sch\u00e4rfung der eigenen\u00a0<\/span><span class=\"fontstyle0\">visuellen Sprache<\/span><\/p>\n<p><strong>Ausr\u00fcstung und notwendiges Material:<br \/>\n<\/strong>&#8211; <span class=\"fontstyle0\">Smartphone<br \/>\n<\/span><span class=\"fontstyle0\">&#8211; Mobile Daten zum eventuellen Downloaden von Apps<br \/>\n<\/span><span class=\"fontstyle0\">&#8211; Laptop, mit M\u00f6glichkeit, (Handy-)Fotos auf den Laptop zu transferieren<br \/>\n<\/span><span class=\"fontstyle0\">&#8211; Pr\u00e4sentationsprogramm auf Laptop (InDesign, Microsoft PowerPoint, o. \u00e4.)<br \/>\n<\/span><span class=\"fontstyle0\">&#8211; Digitalkamera (und Stativ) sind nicht zwingend notwendig, k\u00f6nnen aber\u00a0<\/span><span class=\"fontstyle0\">selbstverst\u00e4ndlich auch benutzt werden<\/span><\/p>\n<p><strong>Sprache:<br \/>\n<\/strong><span class=\"fontstyle0\">Deutsch (ohne \u00dcbersetzung) | R\u00fcckfragen k\u00f6nnen auch auf Italienisch gestellt werden und werden auf Italienisch beantwortet<\/span><\/p>\n<p><strong>Referent:<br \/>\n<\/strong><span class=\"fontstyle0\">Lucas Clemens<\/span><span class=\"fontstyle2\">, <span class=\"fontstyle0\">Architekturfotograf (Meran\/Mailand)<br \/>\n<\/span><\/span><a href=\"http:\/\/www.lucasclemens.com\" target=\"_blank\" rel=\"noopener\"><span class=\"fontstyle0\">www.lucasclemens.com<\/span><\/a><\/p>\n<p><span style=\"color: #ff6600;\"><strong>Der Kurs findet ab einer Mindestteilnehmerzahl statt.<\/strong><\/span><br data-start=\"131\" data-end=\"134\" \/><span style=\"color: #ff6600;\"><strong>Die Teilnehmerzahl ist jedoch begrenzt \u2013 Anmeldung bis zum 15\/10\/2025<\/strong><\/span><\/p>\n<p>Zur Erlangung der vorgesehenen Fortbildungscredits ist die Anwesenheit an der gesamten Fortbildung erforderlich.<\/p>\n","protected":false},"author":92727,"featured_media":89382,"comment_status":"closed","ping_status":"closed","template":"","meta":{"_expiration-date-status":"","_expiration-date":0,"_expiration-date-type":"","_expiration-date-categories":[],"_expiration-date-options":[]},"product_cat":[298,267],"product_tag":[],"class_list":{"0":"post-89380","1":"product","2":"type-product","3":"status-publish","4":"has-post-thumbnail","6":"product_cat-architettura-2","7":"product_cat-onsite","8":"myxclima-home","9":"tm-has-options","11":"first","12":"outofstock","13":"downloadable","14":"virtual","15":"sold-individually","16":"taxable","17":"purchasable","18":"product-type-simple"},"_links":{"self":[{"href":"https:\/\/archacademy.it\/de\/wp-json\/wp\/v2\/product\/89380"}],"collection":[{"href":"https:\/\/archacademy.it\/de\/wp-json\/wp\/v2\/product"}],"about":[{"href":"https:\/\/archacademy.it\/de\/wp-json\/wp\/v2\/types\/product"}],"author":[{"embeddable":true,"href":"https:\/\/archacademy.it\/de\/wp-json\/wp\/v2\/users\/92727"}],"replies":[{"embeddable":true,"href":"https:\/\/archacademy.it\/de\/wp-json\/wp\/v2\/comments?post=89380"}],"wp:featuredmedia":[{"embeddable":true,"href":"https:\/\/archacademy.it\/de\/wp-json\/wp\/v2\/media\/89382"}],"wp:attachment":[{"href":"https:\/\/archacademy.it\/de\/wp-json\/wp\/v2\/media?parent=89380"}],"wp:term":[{"taxonomy":"product_cat","embeddable":true,"href":"https:\/\/archacademy.it\/de\/wp-json\/wp\/v2\/product_cat?post=89380"},{"taxonomy":"product_tag","embeddable":true,"href":"https:\/\/archacademy.it\/de\/wp-json\/wp\/v2\/product_tag?post=89380"}],"curies":[{"name":"wp","href":"https:\/\/api.w.org\/{rel}","templated":true}]}}

<h3>Ein praxisnaher Fortbildungskurs der Architektenkammer Südtirol</h3>
<p><span class="fontstyle0">Für Architekten, die Fotografie nicht nur als Dokumentation, sondern als </span><span class="fontstyle0">gestalterisches Werkzeug im Berufsalltag nutzen wollen.<br />
Egal ob Sie mit Kamera </span><span class="fontstyle0">oder Smartphone fotografieren – entscheidend ist die Lust am Sehen, Analysieren </span><span class="fontstyle0">und Gestalten.</span></p>
<p><span class="fontstyle0"><span class="fontstyle2"><br />
<strong>Programm:<br />
</strong></span></span></p>
<p><span class="fontstyle0"><strong>Freitag 24/10/2025 Vormittag &#8211; Beginn 10:00 bis 13:00<br />
</strong></span><span class="fontstyle0">&#8211; Einführung in die Architekturfotografie: Perspektive, Bildausschnitt, Licht<br />
&#8211; </span>Kurzer Rückblick auf fotografische und künstlerische Referenzen<br />
&#8211; Vorstellung nützlicher Ausrüstung (vom Smartphone bis zur Fachkamera)<br />
&#8211; Fotografieren mit dem Smartphone: worauf achten, welche Apps helfen?</p>
<p><span class="fontstyle0"><strong>Freitag 24/10/2025 Nachmittag &#8211; Beginn 14:00 &#8211; 19:00<br />
</strong>&#8211; Wie plane ich eine Architekturfotoserie? Vom Konzept bis zur Umsetzung<br />
</span><span class="fontstyle0">&#8211; Praxisübung vor Ort: Erstellung einer kleinen Serie (6–10 Bilder)<br />
</span><span class="fontstyle0">&#8211; Schwerpunkte: Kohärenz der Bildsprache, bewusste Auswahl von </span><span class="fontstyle0">Motiven und Perspektiven<br />
</span></p>
<p><span class="fontstyle0"><strong>Samstag 25/10/2025 Vormittag &#8211; Beginn 09:00 &#8211; 13:00<br />
</strong></span><span class="fontstyle0">&#8211; Gemeinsame Sichtung und Diskussion ausgewählter Arbeiten<br />
</span><span class="fontstyle0">&#8211; Einblick in den professionellen Workflow: Editing, Auswahl, Bildbearbeitung<br />
</span><span class="fontstyle0">&#8211; Tipps zur Präsentation von Projekten und zur Schärfung der eigenen </span><span class="fontstyle0">visuellen Sprache</span></p>
<p><strong>Ausrüstung und notwendiges Material:<br />
</strong>&#8211; <span class="fontstyle0">Smartphone<br />
</span><span class="fontstyle0">&#8211; Mobile Daten zum eventuellen Downloaden von Apps<br />
</span><span class="fontstyle0">&#8211; Laptop, mit Möglichkeit, (Handy-)Fotos auf den Laptop zu transferieren<br />
</span><span class="fontstyle0">&#8211; Präsentationsprogramm auf Laptop (InDesign, Microsoft PowerPoint, o. ä.)<br />
</span><span class="fontstyle0">&#8211; Digitalkamera (und Stativ) sind nicht zwingend notwendig, können aber </span><span class="fontstyle0">selbstverständlich auch benutzt werden</span></p>
<p><strong>Sprache:<br />
</strong><span class="fontstyle0">Deutsch (ohne Übersetzung) | Rückfragen können auch auf Italienisch gestellt werden und werden auf Italienisch beantwortet</span></p>
<p><strong>Referent:<br />
</strong><span class="fontstyle0">Lucas Clemens</span><span class="fontstyle2">, <span class="fontstyle0">Architekturfotograf (Meran/Mailand)<br />
</span></span><a href="http://www.lucasclemens.com" target="_blank" rel="noopener"><span class="fontstyle0">www.lucasclemens.com</span></a></p>
<p><span style="color: #ff6600;"><strong>Der Kurs findet ab einer Mindestteilnehmerzahl statt.</strong></span><br data-start="131" data-end="134" /><span style="color: #ff6600;"><strong>Die Teilnehmerzahl ist jedoch begrenzt – Anmeldung bis zum 15/10/2025</strong></span></p>
<p>Zur Erlangung der vorgesehenen Fortbildungscredits ist die Anwesenheit an der gesamten Fortbildung erforderlich.</p>
