{"id":85021,"date":"2025-04-22T08:02:42","date_gmt":"2025-04-22T06:02:42","guid":{"rendered":"https:\/\/archacademy.it\/?post_type=product&#038;p=85021"},"modified":"2025-04-23T12:53:10","modified_gmt":"2025-04-23T10:53:10","slug":"baukultur-fur-alle-wiederverwendung-von-bauteilen-als-teil-der-kreislaufwirtschaft","status":"publish","type":"product","link":"https:\/\/archacademy.it\/de\/prodotto\/baukultur-fur-alle-wiederverwendung-von-bauteilen-als-teil-der-kreislaufwirtschaft\/","title":{"rendered":"BAUKULTUR F\u00dcR ALLE!? Wiederverwendung von Bauteilen als Teil der Kreislaufwirtschaft"},"content":{"rendered":"","protected":false},"excerpt":{"rendered":"<h3><span class=\"fontstyle0\">Case Studies aus der Schweiz<\/span><\/h3>\n<p>Die Architekturstiftung S\u00fcdtirol l\u00e4dt Sie ganz herzlich <strong>zum n\u00e4chsten Abend der digitalen Veranstaltungsreihe\u00a0 \u201cBaukultur, Landschaft und Raumordnung\u201d<\/strong> ein.<br \/>\n<span class=\"fontstyle0\"><br \/>\nArch. Guido Brandi <\/span><span class=\"fontstyle2\">zeigt in seinem Vortrag die Entwicklung von zirkul\u00e4rer Architektur und Konstruktion in der Schweiz anhand der Analyse von Fallstudien und laufenden Projekten.<\/span><br \/>\n<span class=\"fontstyle0\">Guido Brandi, dipl. Arch. MSc USI AAM, ETH MAS MTEC ist Architekt und Dozent am IKE ZHAW mit Forschungsschwerpunkt zirkul\u00e4res Bauen.<\/span><\/p>\n<p><strong>Programma | Programm:<\/strong><\/p>\n<ul>\n<li>Einleitende Worte, <strong>Arch. Carlo Calderan<\/strong><\/li>\n<li>Vortrag von <strong>Guido Brandi<\/strong><\/li>\n<li>Fragen und Diskussion<\/li>\n<\/ul>\n<p><strong>Conducono | Moderation<\/strong>: Arch. Margot Wittig | Arch. Marlene Roner<\/p>\n<p><strong>Lingua | Sprache: <\/strong>Tedesco (senza traduzione) | Deutsch (ohne \u00dcbersetzung)<\/p>\n<p><a href=\"https:\/\/stiftung.arch.bz.it\/de\/\" target=\"_blank\" rel=\"noopener noreferrer\">Architekturstiftung S\u00fcdtirol<\/a><br \/>\n<a href=\"mailto:stiftung@arch.bz.it\">stiftung@arch.bz.it<\/a><br \/>\n0471 301751<\/p>\n<p>&nbsp;<\/p>\n<p>&nbsp;<\/p>\n<p>Con il gentile sostegno di | Mit freundlicher Unterst\u00fctzung von<\/p>\n<p><img decoding=\"async\" class=\"\" src=\"https:\/\/archacademy.it\/wp-content\/uploads\/2024\/10\/2024Logo_Abt_4z-1.jpg\" width=\"394\" height=\"133\" \/><\/p>\n","protected":false},"author":92727,"featured_media":85022,"comment_status":"closed","ping_status":"closed","template":"","meta":{"_expiration-date-status":"","_expiration-date":0,"_expiration-date-type":"","_expiration-date-categories":[],"_expiration-date-options":[]},"product_cat":[297,30],"product_tag":[],"class_list":{"0":"post-85021","1":"product","2":"type-product","3":"status-publish","4":"has-post-thumbnail","6":"product_cat-architettura","7":"product_cat-webinars","8":"myxclima-home","9":"tm-has-options","11":"first","12":"outofstock","13":"virtual","14":"sold-individually","15":"taxable","16":"purchasable","17":"product-type-simple"},"_links":{"self":[{"href":"https:\/\/archacademy.it\/de\/wp-json\/wp\/v2\/product\/85021"}],"collection":[{"href":"https:\/\/archacademy.it\/de\/wp-json\/wp\/v2\/product"}],"about":[{"href":"https:\/\/archacademy.it\/de\/wp-json\/wp\/v2\/types\/product"}],"author":[{"embeddable":true,"href":"https:\/\/archacademy.it\/de\/wp-json\/wp\/v2\/users\/92727"}],"replies":[{"embeddable":true,"href":"https:\/\/archacademy.it\/de\/wp-json\/wp\/v2\/comments?post=85021"}],"wp:featuredmedia":[{"embeddable":true,"href":"https:\/\/archacademy.it\/de\/wp-json\/wp\/v2\/media\/85022"}],"wp:attachment":[{"href":"https:\/\/archacademy.it\/de\/wp-json\/wp\/v2\/media?parent=85021"}],"wp:term":[{"taxonomy":"product_cat","embeddable":true,"href":"https:\/\/archacademy.it\/de\/wp-json\/wp\/v2\/product_cat?post=85021"},{"taxonomy":"product_tag","embeddable":true,"href":"https:\/\/archacademy.it\/de\/wp-json\/wp\/v2\/product_tag?post=85021"}],"curies":[{"name":"wp","href":"https:\/\/api.w.org\/{rel}","templated":true}]}}

BAUKULTUR FÜR ALLE!? Wiederverwendung von Bauteilen als Teil der Kreislaufwirtschaft

<h3><span class="fontstyle0">Case Studies aus der Schweiz</span></h3>
<p>Die Architekturstiftung Südtirol lädt Sie ganz herzlich <strong>zum nächsten Abend der digitalen Veranstaltungsreihe  “Baukultur, Landschaft und Raumordnung”</strong> ein.<br />
<span class="fontstyle0"><br />
Arch. Guido Brandi </span><span class="fontstyle2">zeigt in seinem Vortrag die Entwicklung von zirkulärer Architektur und Konstruktion in der Schweiz anhand der Analyse von Fallstudien und laufenden Projekten.</span><br />
<span class="fontstyle0">Guido Brandi, dipl. Arch. MSc USI AAM, ETH MAS MTEC ist Architekt und Dozent am IKE ZHAW mit Forschungsschwerpunkt zirkuläres Bauen.</span></p>
<p><strong>Programma | Programm:</strong></p>
<ul>
<li>Einleitende Worte, <strong>Arch. Carlo Calderan</strong></li>
<li>Vortrag von <strong>Guido Brandi</strong></li>
<li>Fragen und Diskussion</li>
</ul>
<p><strong>Conducono | Moderation</strong>: Arch. Margot Wittig | Arch. Marlene Roner</p>
<p><strong>Lingua | Sprache: </strong>Tedesco (senza traduzione) | Deutsch (ohne Übersetzung)</p>
<p><a href="https://stiftung.arch.bz.it/de/" target="_blank" rel="noopener noreferrer">Architekturstiftung Südtirol</a><br />
<a href="mailto:stiftung@arch.bz.it">stiftung@arch.bz.it</a><br />
0471 301751</p>
<p>&nbsp;</p>
<p>&nbsp;</p>
<p>Con il gentile sostegno di | Mit freundlicher Unterstützung von</p>
<p><img decoding="async" class="" src="https://archacademy.it/wp-content/uploads/2024/10/2024Logo_Abt_4z-1.jpg" width="394" height="133" /></p>
