{"id":85018,"date":"2025-03-21T16:28:47","date_gmt":"2025-03-21T15:28:47","guid":{"rendered":"https:\/\/archacademy.it\/?post_type=product&#038;p=85018"},"modified":"2025-04-08T13:51:20","modified_gmt":"2025-04-08T11:51:20","slug":"vision_m-visione_m-3","status":"publish","type":"product","link":"https:\/\/archacademy.it\/de\/prodotto\/vision_m-visione_m-3\/","title":{"rendered":"VISION_M  |  VISIONE_M #3"},"content":{"rendered":"","protected":false},"excerpt":{"rendered":"<p><strong>Kunst Meran presenta il terzo e ultimo incontro della serie di conferenze VISION_M, dedicato alla pianificazione e progettazione su larga scala, prendendo come esempio le aree delle caserme dell&#8217;Alto Adige. Partendo dal processo di trasferimento dell&#8217;ex area militare al Comune di Merano, questo ultimo appuntamento esaminer\u00e0 i concorsi di progettazione per le aree delle caserme di Varna ed Appiano, analizzandone il potenziale per lo sviluppo sostenibile dei centri urbani e delle comunit\u00e0 locali.<\/strong><\/p>\n<p>Gli eventi di novembre e gennaio, gi\u00e0 conclusi con successo, hanno approfondito diversi aspetti della pianificazione di grandi aree dal punto di vista urbanistico, politico e sociale. Hanno evidenziato il ruolo fondamentale di una progettazione completa e multidisciplinare per lo sviluppo sostenibile degli spazi urbani.<br \/>\nIl focus di questo terzo e ultimo incontro sar\u00e0 sui processi di trasformazione gi\u00e0 avviati nelle aree delle ex caserme in Alto Adige. L\u2019obiettivo \u00e8 analizzare come lo spazio pubblico debba essere progettato per rispondere alle esigenze delle future generazioni e alle necessit\u00e0 di una societ\u00e0 sempre pi\u00f9 diversificata.<\/p>\n<p>Come nei precedenti eventi, anche questa volta il punto di partenza sar\u00e0 il processo di trasferimento delle aree dismesse al Comune di Merano, che servir\u00e0 come base per un dibattito pi\u00f9 ampio. Si discuteranno strategie innovative per la pianificazione lungimirante di grandi aree urbane, prendendo come casi studio le caserme di Varna ed Appiano, che potranno fornire spunti preziosi per progetti simili, anche a Merano.<\/p>\n<p>A seguito di una relazione introduttiva sui concorsi per la riqualificazione delle aree delle caserme di Varna ed Appiano, i partecipanti saranno invitati a riflettere insieme sullo sviluppo sostenibile degli spazi urbani. Il dibattito non si concentrer\u00e0 solo su soluzioni tecniche, ma soprattutto su aspetti legati alla qualit\u00e0 a lungo termine e alla partecipazione della societ\u00e0. Alcune delle domande chiave saranno: Quali strumenti e processi favoriscono uno sviluppo urbano sostenibile? Come si possono garantire nel tempo elevati standard urbanistici e architettonici? Quali effetti avranno le decisioni di pianificazione sulle future generazioni?Come assicurare un coinvolgimento attivo e costante dei cittadini nei processi di progettazione?<\/p>\n<p>Un approccio integrato tra spazi interni ed esterni \u00e8 essenziale per creare un tessuto urbano armonioso. Inoltre, la sinergia tra infrastrutture sotterranee e costruzioni in superficie \u00e8 cruciale per garantire una progettazione funzionale ed esteticamente coerente. La gestione attiva di questi processi da parte delle istituzioni pubbliche \u00e8 indispensabile per garantire qualit\u00e0 e sostenibilit\u00e0 a lungo termine, considerando il verde e gli spazi aperti come elementi essenziali dello sviluppo urbano.<br \/>\nL\u2019evento \u00e8 rivolto ai cittadini di Merano e dell\u2019Alto Adige, ai decisori politici e agli esperti nei settori della pianificazione urbana, paesaggistica, architettura e urbanistica.<\/p>\n<p>L&#8217;evento inizier\u00e0 con un intervento introduttivo di un&#8217;esperta del settore, l&#8217;architetta Susanne Waiz, che ha gi\u00e0 maturato esperienza nei bandi di concorso per la riconversione di aree militari dismesse. A completamento della conferenza, tavole rotonde offriranno un approfondimento sulle specificit\u00e0 e le sfide locali.<\/p>\n<p>Programma<br \/>\n&#8211; Saluti e moderazione di <strong>Katharina Erlacher <\/strong>(dialogueandmore)<br \/>\n&#8211; Introduzione e intervento di Arch. <strong>Susanne Waiz<\/strong><br \/>\n&#8211; Tavola rotonda con <strong>Katharina Erlacher<\/strong> (moderatrice), <strong>Andreas Schatzer<\/strong> (Presidente dell\u2019Associazione dei Comuni dell\u2019Alto Adige), <strong>Susanne Waiz<\/strong> (architetta), <strong>Peter Zoderer<\/strong> (architetto)<br \/>\n&#8211; Dibattito e domande<\/p>\n<p><strong>Modera:<br \/>\nKatharina Erlacher<\/strong>, Coordinatrice B\u00fcrger*innenbeteiligungen<\/p>\n<p><strong>Lingua:<\/strong><br \/>\n<b>Tedesco e Italiano <\/b>(senza Traduzione)<\/p>\n<p><strong>Termine Iscrizione:<br \/>\n<\/strong>27\/03\/2025<\/p>\n<p>&nbsp;<\/p>\n<p>Un evento organizzato da:<\/p>\n<p><img decoding=\"async\" class=\"\" src=\"https:\/\/archacademy.it\/wp-content\/uploads\/2024\/11\/Logo-Kunst-Meran.jpg\" width=\"245\" height=\"127\" \/><\/p>\n","protected":false},"author":92727,"featured_media":81958,"comment_status":"closed","ping_status":"closed","template":"","meta":{"_expiration-date-status":"","_expiration-date":0,"_expiration-date-type":"","_expiration-date-categories":[],"_expiration-date-options":[]},"product_cat":[328],"product_tag":[],"class_list":{"0":"post-85018","1":"product","2":"type-product","3":"status-publish","4":"has-post-thumbnail","6":"product_cat-on-site-privato","7":"myxclima-home","8":"tm-has-options","10":"first","11":"outofstock","12":"downloadable","13":"virtual","14":"sold-individually","15":"taxable","16":"purchasable","17":"product-type-simple"},"_links":{"self":[{"href":"https:\/\/archacademy.it\/de\/wp-json\/wp\/v2\/product\/85018"}],"collection":[{"href":"https:\/\/archacademy.it\/de\/wp-json\/wp\/v2\/product"}],"about":[{"href":"https:\/\/archacademy.it\/de\/wp-json\/wp\/v2\/types\/product"}],"author":[{"embeddable":true,"href":"https:\/\/archacademy.it\/de\/wp-json\/wp\/v2\/users\/92727"}],"replies":[{"embeddable":true,"href":"https:\/\/archacademy.it\/de\/wp-json\/wp\/v2\/comments?post=85018"}],"wp:featuredmedia":[{"embeddable":true,"href":"https:\/\/archacademy.it\/de\/wp-json\/wp\/v2\/media\/81958"}],"wp:attachment":[{"href":"https:\/\/archacademy.it\/de\/wp-json\/wp\/v2\/media?parent=85018"}],"wp:term":[{"taxonomy":"product_cat","embeddable":true,"href":"https:\/\/archacademy.it\/de\/wp-json\/wp\/v2\/product_cat?post=85018"},{"taxonomy":"product_tag","embeddable":true,"href":"https:\/\/archacademy.it\/de\/wp-json\/wp\/v2\/product_tag?post=85018"}],"curies":[{"name":"wp","href":"https:\/\/api.w.org\/{rel}","templated":true}]}}

<p><strong>Kunst Meran presenta il terzo e ultimo incontro della serie di conferenze VISION_M, dedicato alla pianificazione e progettazione su larga scala, prendendo come esempio le aree delle caserme dell&#8217;Alto Adige. Partendo dal processo di trasferimento dell&#8217;ex area militare al Comune di Merano, questo ultimo appuntamento esaminerà i concorsi di progettazione per le aree delle caserme di Varna ed Appiano, analizzandone il potenziale per lo sviluppo sostenibile dei centri urbani e delle comunità locali.</strong></p>
<p>Gli eventi di novembre e gennaio, già conclusi con successo, hanno approfondito diversi aspetti della pianificazione di grandi aree dal punto di vista urbanistico, politico e sociale. Hanno evidenziato il ruolo fondamentale di una progettazione completa e multidisciplinare per lo sviluppo sostenibile degli spazi urbani.<br />
Il focus di questo terzo e ultimo incontro sarà sui processi di trasformazione già avviati nelle aree delle ex caserme in Alto Adige. L’obiettivo è analizzare come lo spazio pubblico debba essere progettato per rispondere alle esigenze delle future generazioni e alle necessità di una società sempre più diversificata.</p>
<p>Come nei precedenti eventi, anche questa volta il punto di partenza sarà il processo di trasferimento delle aree dismesse al Comune di Merano, che servirà come base per un dibattito più ampio. Si discuteranno strategie innovative per la pianificazione lungimirante di grandi aree urbane, prendendo come casi studio le caserme di Varna ed Appiano, che potranno fornire spunti preziosi per progetti simili, anche a Merano.</p>
<p>A seguito di una relazione introduttiva sui concorsi per la riqualificazione delle aree delle caserme di Varna ed Appiano, i partecipanti saranno invitati a riflettere insieme sullo sviluppo sostenibile degli spazi urbani. Il dibattito non si concentrerà solo su soluzioni tecniche, ma soprattutto su aspetti legati alla qualità a lungo termine e alla partecipazione della società. Alcune delle domande chiave saranno: Quali strumenti e processi favoriscono uno sviluppo urbano sostenibile? Come si possono garantire nel tempo elevati standard urbanistici e architettonici? Quali effetti avranno le decisioni di pianificazione sulle future generazioni?Come assicurare un coinvolgimento attivo e costante dei cittadini nei processi di progettazione?</p>
<p>Un approccio integrato tra spazi interni ed esterni è essenziale per creare un tessuto urbano armonioso. Inoltre, la sinergia tra infrastrutture sotterranee e costruzioni in superficie è cruciale per garantire una progettazione funzionale ed esteticamente coerente. La gestione attiva di questi processi da parte delle istituzioni pubbliche è indispensabile per garantire qualità e sostenibilità a lungo termine, considerando il verde e gli spazi aperti come elementi essenziali dello sviluppo urbano.<br />
L’evento è rivolto ai cittadini di Merano e dell’Alto Adige, ai decisori politici e agli esperti nei settori della pianificazione urbana, paesaggistica, architettura e urbanistica.</p>
<p>L&#8217;evento inizierà con un intervento introduttivo di un&#8217;esperta del settore, l&#8217;architetta Susanne Waiz, che ha già maturato esperienza nei bandi di concorso per la riconversione di aree militari dismesse. A completamento della conferenza, tavole rotonde offriranno un approfondimento sulle specificità e le sfide locali.</p>
<p>Programma<br />
&#8211; Saluti e moderazione di <strong>Katharina Erlacher </strong>(dialogueandmore)<br />
&#8211; Introduzione e intervento di Arch. <strong>Susanne Waiz</strong><br />
&#8211; Tavola rotonda con <strong>Katharina Erlacher</strong> (moderatrice), <strong>Andreas Schatzer</strong> (Presidente dell’Associazione dei Comuni dell’Alto Adige), <strong>Susanne Waiz</strong> (architetta), <strong>Peter Zoderer</strong> (architetto)<br />
&#8211; Dibattito e domande</p>
<p><strong>Modera:<br />
Katharina Erlacher</strong>, Coordinatrice Bürger*innenbeteiligungen</p>
<p><strong>Lingua:</strong><br />
<b>Tedesco e Italiano </b>(senza Traduzione)</p>
<p><strong>Termine Iscrizione:<br />
</strong>27/03/2025</p>
<p>&nbsp;</p>
<p>Un evento organizzato da:</p>
<p><img decoding="async" class="" src="https://archacademy.it/wp-content/uploads/2024/11/Logo-Kunst-Meran.jpg" width="245" height="127" /></p>
