{"id":83220,"date":"2025-01-10T07:50:35","date_gmt":"2025-01-10T06:50:35","guid":{"rendered":"https:\/\/archacademy.it\/?post_type=product&#038;p=83220"},"modified":"2025-03-22T07:17:32","modified_gmt":"2025-03-22T06:17:32","slug":"vision_m-visione_m-2","status":"publish","type":"product","link":"https:\/\/archacademy.it\/de\/prodotto\/vision_m-visione_m-2\/","title":{"rendered":"VISION_M  |  VISIONE_M #2"},"content":{"rendered":"","protected":false},"excerpt":{"rendered":"<p><strong><em>Kasernen und andere Areale. Chancen in der Stadtentwicklung<br \/>\n<\/em>Vortragsreihe, Diskussionen und Fragen zum Thema Chancen in der Stadtentwicklung<\/strong><\/p>\n<p>Kunst Meran pr\u00e4sentiert den zweiten Teil der Vortragsreihe VISION_M, die sich am Beispiel des Kasernenareals in Meran mit der ganzheitlichen Gestaltungsplanung gro\u00dfer Areale auseinandersetzt. Die Vortragsreihe vereint st\u00e4dtebauliche, politische und gesellschaftliche Perspektiven und diskutiert, wie \u00f6ffentlicher Raum zukunftsf\u00e4hig und nachhaltig geplant und entwickelt werden muss, um den vielf\u00e4ltigen Bed\u00fcrfnissen einer diversifizierten Gesellschaft gerecht zu werden. Angesto\u00dfen durch das \u00dcbergabeverfahren des aufgelassenen Milit\u00e4rgel\u00e4ndes an die Gemeinde Meran, bietet die Vortragsreihe einen fundierten Einblick in die Herausforderungen und Chancen solcher Projekte und will Erkenntnisinteresse f\u00fcr dieses konkrete Projekt, aber auch f\u00fcr vergleichbare Beispiele anderer Gemeinden in S\u00fcdtirol &#8211; und dar\u00fcber hinaus &#8211; generieren.<\/p>\n<p>W\u00e4hrend der Jahrhunderte wurde in den verschiedenen Landesteilen S\u00fcdtirols eine <strong>vielf\u00e4ltige Baukultur<\/strong> gepflegt. Das vor Ort vorhandene Baumaterial, die klimatischen Bedingungen sowie die Wirtschaftsstruktur einer Gemeinde f\u00fchrten zu spezifischen L\u00f6sungen, die den jeweiligen T\u00e4lern eigenst\u00e4ndige Physiognomien verliehen. Die historischen D\u00f6rfer und St\u00e4dte wurden als kompakte Siedlungen konzipiert, um das Acker- und Weideland zu sch\u00fctzen und zu bewirtschaften. Die Gestaltung der Siedlungen basierte auf gemeinschaftlichen Idealen und Anstrengungen, die daraus resultierenden Ortsbilder werden heute als sch\u00fctzenswert betrachtet. In den 70ern entstanden dann zus\u00e4tzlich wichtige Regelwerke f\u00fcr eine geordnete Orts- und Regionalentwicklung wie die Bauleitpl\u00e4ne, Wiedergewinnungspl\u00e4ne, Durchf\u00fchrungspl\u00e4ne und der Ensembleschutz. Und doch verliert heutzutage die bebaute Umwelt fortw\u00e4hrend an Kontrast und verkommt vielerorts zu einer \u201eeinheitlichen Unordnung\u201c. Aus diesem Durcheinander ragen Superm\u00e4rkte mit \u00fcbergro\u00dfen oberirdischen Parkpl\u00e4tzen, ausgedehnte Wohnhausbl\u00f6cke als einsame Vorposten der Stadt hervor \u2013 Merkmale des Gro\u00dfstadtrandes. Mit der Zeit entstand ein buntes Treiben, das uns an einen ausgeleerten Kinderspielkasten erinnert, der zum Dauerzustand wurde. Stadtplanung zwingt zur Vereinheitlichung und zu einer ganzheitlichen Herangehensweise \u2013 im Interesse der Gesellschaft und des Natur- und Landschaftsschutzes. Es lohnt sich, dar\u00fcber nachzudenken \u2013 in aller Bescheidenheit \u2013 und zu versuchen, eine \u201eZukunftsvision\u201c f\u00fcr unsere St\u00e4dte und Ortschaften zu erarbeiten. Denn was wir heute bauen, muss f\u00fcr die n\u00e4chsten Generationen passen.<\/p>\n<p><strong>Vortragsreihe VISION_M: Stadtentwicklung und Umgestaltung von gro\u00dfen Arealen<br \/>\n<\/strong>In dieser Vortragsreihe geht es darum, wie gro\u00dfe, leerstehende Fl\u00e4chen in St\u00e4dten sinnvoll umgestaltet und f\u00fcr den kommenden Generationen genutzt werden k\u00f6nnen. Haupts\u00e4chlich beleuchtet \u201eVISION_M\u201c verschiedene Aspekte der Planungs- und Gestaltungskonzepte gro\u00dfer Areale \u2013 wie des Kasernenareals in Meran \u2013 aus st\u00e4dtebaulicher, politischer und gesellschaftlicher Perspektive und zeigt auf, welche Bedeutung einer umfassenden Vorbereitung und Planung zukommt. Expert*innen aus verschiedenen Bereichen der Stadtplanung, Architektur und Landschaftsplanung veranschaulichen, wie solche Projekte umgesetzt werden k\u00f6nnen und welche Herausforderungen dabei zu beachten sind.<br \/>\nDas \u00dcbergabeverfahren der aufgelassenen Milit\u00e4rfl\u00e4che \u2013 Kasernenareal \u2013 an die Gemeinde Meran bietet Anlass, um \u00fcber die Um- und Neunutzung eines solch riesigen Areals nachzudenken und zu diskutieren. Die Vortragsreihe betrachtet das Kasernenareal als Fallbeispiel und hat den Anspruch, Erkenntnisinteresse f\u00fcr dieses spezifische Projekt, aber auch f\u00fcr vergleichbare Beispiele anderer Gemeinden in S\u00fcdtirol \u2013 und dar\u00fcber hinaus \u2013 zu generieren.<\/p>\n<p><strong>Ein interdisziplin\u00e4rer Ansatz<br \/>\n<\/strong>Die zeitgen\u00f6ssischen, wichtigen gesellschaftlichen Herausforderungen brauchen einen praktischen und interdisziplin\u00e4ren Ansatz. Deshalb werden internationale Expert*innen aus unterschiedlichsten Disziplinen eingeladen, verschiedene Aspekte der Planung gro\u00dfer Areale zu betrachten \u2013 mit einem besonderen Fokus auf das Kasernenareal in Meran. Parallel zu diesen konkreten lokalen Gegebenheiten wird die Vortragsreihe auch einen aufschlussreichen Beitrag zu internationalen Erfahrungen und Erkenntnissen im Kontext zeitgen\u00f6ssischer Stadtentwicklung liefern.<br \/>\nBesondere Aufmerksamkeit wird folgenden Fragen zukommen: Welche Vorbereitungen m\u00fcssen getroffen werden, um die Grundlagen f\u00fcr die Entwicklung solch urbaner Gebiete schaffen zu k\u00f6nnen? Wie muss der \u00f6ffentlicher Raum gestaltet sein, um eine hochwertige und nachhaltige Nutzung f\u00fcr kommende Generationen sicherzustellen? Wie k\u00f6nnen die vielf\u00e4ltigen Bed\u00fcrfnisse einer diversifizierten Gesellschaft angemessen ber\u00fccksichtigt werden?<\/p>\n<p><strong>F\u00fcr wen ist die Vortragsreihe gedacht?<br \/>\n<\/strong>Die Vortragsreihe richtet sich an alle interessierten B\u00fcrger*innen aus Meran und S\u00fcdtirol, an Politiker*innen, Stadtplaner*innen, Architekt*innen und andere Fachleute, die sich mit Stadtentwicklung und der Umgestaltung von gro\u00dfen Fl\u00e4chen besch\u00e4ftigen.<br \/>\nNeben den wissenschaftlichen Beitr\u00e4gen bieten Diskussionen und Fragen die M\u00f6glichkeit der thematischen Vertiefung und Einblicke in lokale Gegebenheiten.<br \/>\nDie Zusammenarbeit mit der archacademy (Kammer der Architekten RLD der Provinz Bozen) erm\u00f6glicht, dass Architekt*innen in S\u00fcdtirol die Teilnahme an dieser Vortragsreihe mit zwei Fortbildungspunkten anerkannt wird. Die gesamte Reihe ist \u00f6ffentlich und frei zug\u00e4nglich.<\/p>\n<p>Die Vortragsreihe findet parallel zur Ausstellung <em>Neue Architektur in S\u00fcdtirol. 2018-2024<\/em> bei Kunst Meran statt.<\/p>\n<p><strong>PROGRAMM<\/strong><\/p>\n<ul>\n<li>Begr\u00fc\u00dfung und Einleitung<\/li>\n<li>Stadtraum weiterbauen &#8211; Chancen und Stolpersteine auf dem Weg zur Realisierung eines neuen Quartiers<strong><em>; <\/em>Arch.<\/strong> <strong>Matteo Poli<\/strong>, Au\u00dferordentlicher Professor am Politecnico di Milano, Abteilung f\u00fcr Architektur und Stadtplanung und <strong>Arch.<\/strong> <strong>Mich\u00e8le R\u00fcegg Hormes<\/strong>, Gemeinder\u00e4tin und Bauvorstand der Gemeinde Uitikon\/Z\u00fcrich und Associate Director von Future Cities Laboratory Global, ETH Z\u00fcrich (Abstract &lt;&lt;<a href=\"http:\/\/archacademy.it\/wp-content\/uploads\/2025\/01\/PM-Kunst-Meran-Vision-M_2_18.01.25-DE.pdf\" target=\"_blank\" rel=\"noopener\">HIER<\/a>&gt;&gt;)<\/li>\n<li>Fragen und Diskussion<\/li>\n<\/ul>\n<p><strong>Moderation:<br \/>\nIvan Bocchio<\/strong>, Arch. SIA, Dr. sc. ETH Z\u00fcrich<\/p>\n<p><strong>Sprache:<\/strong><br \/>\n<b>Deutsch und Italienisch <\/b>(ohne \u00dcbersetzung)<\/p>\n<p><strong>Anmeldeschluss:<br \/>\n<\/strong>16\/01\/2025<\/p>\n<p>&nbsp;<\/p>\n<p>Eine Veranstaltung organisiert von:<\/p>\n<p><img decoding=\"async\" class=\"\" src=\"https:\/\/archacademy.it\/wp-content\/uploads\/2024\/11\/Logo-Kunst-Meran.jpg\" width=\"245\" height=\"127\" \/><\/p>\n","protected":false},"author":92727,"featured_media":81958,"comment_status":"closed","ping_status":"closed","template":"","meta":{"_expiration-date-status":"","_expiration-date":0,"_expiration-date-type":"","_expiration-date-categories":[],"_expiration-date-options":[]},"product_cat":[298,267],"product_tag":[],"class_list":{"0":"post-83220","1":"product","2":"type-product","3":"status-publish","4":"has-post-thumbnail","6":"product_cat-architettura-2","7":"product_cat-onsite","8":"myxclima-home","9":"tm-has-options","11":"first","12":"outofstock","13":"virtual","14":"sold-individually","15":"taxable","16":"purchasable","17":"product-type-simple"},"_links":{"self":[{"href":"https:\/\/archacademy.it\/de\/wp-json\/wp\/v2\/product\/83220"}],"collection":[{"href":"https:\/\/archacademy.it\/de\/wp-json\/wp\/v2\/product"}],"about":[{"href":"https:\/\/archacademy.it\/de\/wp-json\/wp\/v2\/types\/product"}],"author":[{"embeddable":true,"href":"https:\/\/archacademy.it\/de\/wp-json\/wp\/v2\/users\/92727"}],"replies":[{"embeddable":true,"href":"https:\/\/archacademy.it\/de\/wp-json\/wp\/v2\/comments?post=83220"}],"wp:featuredmedia":[{"embeddable":true,"href":"https:\/\/archacademy.it\/de\/wp-json\/wp\/v2\/media\/81958"}],"wp:attachment":[{"href":"https:\/\/archacademy.it\/de\/wp-json\/wp\/v2\/media?parent=83220"}],"wp:term":[{"taxonomy":"product_cat","embeddable":true,"href":"https:\/\/archacademy.it\/de\/wp-json\/wp\/v2\/product_cat?post=83220"},{"taxonomy":"product_tag","embeddable":true,"href":"https:\/\/archacademy.it\/de\/wp-json\/wp\/v2\/product_tag?post=83220"}],"curies":[{"name":"wp","href":"https:\/\/api.w.org\/{rel}","templated":true}]}}

<p><strong><em>Kasernen und andere Areale. Chancen in der Stadtentwicklung<br />
</em>Vortragsreihe, Diskussionen und Fragen zum Thema Chancen in der Stadtentwicklung</strong></p>
<p>Kunst Meran präsentiert den zweiten Teil der Vortragsreihe VISION_M, die sich am Beispiel des Kasernenareals in Meran mit der ganzheitlichen Gestaltungsplanung großer Areale auseinandersetzt. Die Vortragsreihe vereint städtebauliche, politische und gesellschaftliche Perspektiven und diskutiert, wie öffentlicher Raum zukunftsfähig und nachhaltig geplant und entwickelt werden muss, um den vielfältigen Bedürfnissen einer diversifizierten Gesellschaft gerecht zu werden. Angestoßen durch das Übergabeverfahren des aufgelassenen Militärgeländes an die Gemeinde Meran, bietet die Vortragsreihe einen fundierten Einblick in die Herausforderungen und Chancen solcher Projekte und will Erkenntnisinteresse für dieses konkrete Projekt, aber auch für vergleichbare Beispiele anderer Gemeinden in Südtirol &#8211; und darüber hinaus &#8211; generieren.</p>
<p>Während der Jahrhunderte wurde in den verschiedenen Landesteilen Südtirols eine <strong>vielfältige Baukultur</strong> gepflegt. Das vor Ort vorhandene Baumaterial, die klimatischen Bedingungen sowie die Wirtschaftsstruktur einer Gemeinde führten zu spezifischen Lösungen, die den jeweiligen Tälern eigenständige Physiognomien verliehen. Die historischen Dörfer und Städte wurden als kompakte Siedlungen konzipiert, um das Acker- und Weideland zu schützen und zu bewirtschaften. Die Gestaltung der Siedlungen basierte auf gemeinschaftlichen Idealen und Anstrengungen, die daraus resultierenden Ortsbilder werden heute als schützenswert betrachtet. In den 70ern entstanden dann zusätzlich wichtige Regelwerke für eine geordnete Orts- und Regionalentwicklung wie die Bauleitpläne, Wiedergewinnungspläne, Durchführungspläne und der Ensembleschutz. Und doch verliert heutzutage die bebaute Umwelt fortwährend an Kontrast und verkommt vielerorts zu einer „einheitlichen Unordnung“. Aus diesem Durcheinander ragen Supermärkte mit übergroßen oberirdischen Parkplätzen, ausgedehnte Wohnhausblöcke als einsame Vorposten der Stadt hervor – Merkmale des Großstadtrandes. Mit der Zeit entstand ein buntes Treiben, das uns an einen ausgeleerten Kinderspielkasten erinnert, der zum Dauerzustand wurde. Stadtplanung zwingt zur Vereinheitlichung und zu einer ganzheitlichen Herangehensweise – im Interesse der Gesellschaft und des Natur- und Landschaftsschutzes. Es lohnt sich, darüber nachzudenken – in aller Bescheidenheit – und zu versuchen, eine „Zukunftsvision“ für unsere Städte und Ortschaften zu erarbeiten. Denn was wir heute bauen, muss für die nächsten Generationen passen.</p>
<p><strong>Vortragsreihe VISION_M: Stadtentwicklung und Umgestaltung von großen Arealen<br />
</strong>In dieser Vortragsreihe geht es darum, wie große, leerstehende Flächen in Städten sinnvoll umgestaltet und für den kommenden Generationen genutzt werden können. Hauptsächlich beleuchtet „VISION_M“ verschiedene Aspekte der Planungs- und Gestaltungskonzepte großer Areale – wie des Kasernenareals in Meran – aus städtebaulicher, politischer und gesellschaftlicher Perspektive und zeigt auf, welche Bedeutung einer umfassenden Vorbereitung und Planung zukommt. Expert*innen aus verschiedenen Bereichen der Stadtplanung, Architektur und Landschaftsplanung veranschaulichen, wie solche Projekte umgesetzt werden können und welche Herausforderungen dabei zu beachten sind.<br />
Das Übergabeverfahren der aufgelassenen Militärfläche – Kasernenareal – an die Gemeinde Meran bietet Anlass, um über die Um- und Neunutzung eines solch riesigen Areals nachzudenken und zu diskutieren. Die Vortragsreihe betrachtet das Kasernenareal als Fallbeispiel und hat den Anspruch, Erkenntnisinteresse für dieses spezifische Projekt, aber auch für vergleichbare Beispiele anderer Gemeinden in Südtirol – und darüber hinaus – zu generieren.</p>
<p><strong>Ein interdisziplinärer Ansatz<br />
</strong>Die zeitgenössischen, wichtigen gesellschaftlichen Herausforderungen brauchen einen praktischen und interdisziplinären Ansatz. Deshalb werden internationale Expert*innen aus unterschiedlichsten Disziplinen eingeladen, verschiedene Aspekte der Planung großer Areale zu betrachten – mit einem besonderen Fokus auf das Kasernenareal in Meran. Parallel zu diesen konkreten lokalen Gegebenheiten wird die Vortragsreihe auch einen aufschlussreichen Beitrag zu internationalen Erfahrungen und Erkenntnissen im Kontext zeitgenössischer Stadtentwicklung liefern.<br />
Besondere Aufmerksamkeit wird folgenden Fragen zukommen: Welche Vorbereitungen müssen getroffen werden, um die Grundlagen für die Entwicklung solch urbaner Gebiete schaffen zu können? Wie muss der öffentlicher Raum gestaltet sein, um eine hochwertige und nachhaltige Nutzung für kommende Generationen sicherzustellen? Wie können die vielfältigen Bedürfnisse einer diversifizierten Gesellschaft angemessen berücksichtigt werden?</p>
<p><strong>Für wen ist die Vortragsreihe gedacht?<br />
</strong>Die Vortragsreihe richtet sich an alle interessierten Bürger*innen aus Meran und Südtirol, an Politiker*innen, Stadtplaner*innen, Architekt*innen und andere Fachleute, die sich mit Stadtentwicklung und der Umgestaltung von großen Flächen beschäftigen.<br />
Neben den wissenschaftlichen Beiträgen bieten Diskussionen und Fragen die Möglichkeit der thematischen Vertiefung und Einblicke in lokale Gegebenheiten.<br />
Die Zusammenarbeit mit der archacademy (Kammer der Architekten RLD der Provinz Bozen) ermöglicht, dass Architekt*innen in Südtirol die Teilnahme an dieser Vortragsreihe mit zwei Fortbildungspunkten anerkannt wird. Die gesamte Reihe ist öffentlich und frei zugänglich.</p>
<p>Die Vortragsreihe findet parallel zur Ausstellung <em>Neue Architektur in Südtirol. 2018-2024</em> bei Kunst Meran statt.</p>
<p><strong>PROGRAMM</strong></p>
<ul>
<li>Begrüßung und Einleitung</li>
<li>Stadtraum weiterbauen &#8211; Chancen und Stolpersteine auf dem Weg zur Realisierung eines neuen Quartiers<strong><em>; </em>Arch.</strong> <strong>Matteo Poli</strong>, Außerordentlicher Professor am Politecnico di Milano, Abteilung für Architektur und Stadtplanung und <strong>Arch.</strong> <strong>Michèle Rüegg Hormes</strong>, Gemeinderätin und Bauvorstand der Gemeinde Uitikon/Zürich und Associate Director von Future Cities Laboratory Global, ETH Zürich (Abstract &lt;&lt;<a href="http://archacademy.it/wp-content/uploads/2025/01/PM-Kunst-Meran-Vision-M_2_18.01.25-DE.pdf" target="_blank" rel="noopener">HIER</a>&gt;&gt;)</li>
<li>Fragen und Diskussion</li>
</ul>
<p><strong>Moderation:<br />
Ivan Bocchio</strong>, Arch. SIA, Dr. sc. ETH Zürich</p>
<p><strong>Sprache:</strong><br />
<b>Deutsch und Italienisch </b>(ohne Übersetzung)</p>
<p><strong>Anmeldeschluss:<br />
</strong>16/01/2025</p>
<p>&nbsp;</p>
<p>Eine Veranstaltung organisiert von:</p>
<p><img decoding="async" class="" src="https://archacademy.it/wp-content/uploads/2024/11/Logo-Kunst-Meran.jpg" width="245" height="127" /></p>
