{"id":81788,"date":"2024-11-06T14:35:57","date_gmt":"2024-11-06T13:35:57","guid":{"rendered":"https:\/\/archacademy.it\/?post_type=product&#038;p=81788"},"modified":"2024-12-05T09:26:03","modified_gmt":"2024-12-05T08:26:03","slug":"baukultur-fur-alle-houseeurope-von-grau-zu-gold","status":"publish","type":"product","link":"https:\/\/archacademy.it\/de\/prodotto\/baukultur-fur-alle-houseeurope-von-grau-zu-gold\/","title":{"rendered":"BAUKULTUR F\u00dcR ALLE!? HouseEurope! Von Grau Zu Gold"},"content":{"rendered":"","protected":false},"excerpt":{"rendered":"<p>Die Architekturstiftung S\u00fcdtirol l\u00e4dt Sie ganz herzlich <strong>zum n\u00e4chsten Abend der digitalen Veranstaltungsreihe\u00a0 \u201cBaukultur, Raumordnung und Landschaft\u201d<\/strong> ein.<\/p>\n<p>HouseEurope! will H\u00e4user und Gemeinschaften erhalten, eine gerechtere und lokalere Bauindustrie schaffen, Energie und Ressourcen sparen und die Geschichte und Erinnerungen unserer Baukultur bewahren. Renovierung und Umbau sollen in Zukunft die Norm sein, denn die Potentiale bestehender Geb\u00e4ude sind enorm! Wie k\u00f6nnen wir als Architekten und Architektinnen zu diesem Wandel beitragen um den Werten die in unseren bestehenden Geb\u00e4uden stecken, einen Wert zu geben?<\/p>\n<p><strong>Programma | Programm:<\/strong><\/p>\n<ul>\n<li>Einleitende Worte, <strong>Arch. Carlo Calderan<\/strong><\/li>\n<li>Vortrag von <strong>Arch. Olaf Grawert<\/strong><\/li>\n<li>Fragen und Diskussion<\/li>\n<\/ul>\n<p><strong>Conducono | Moderation<\/strong>: Arch. Margot Wittig | Arch. Marlene Roner<\/p>\n<p><strong>Lingua | Sprache: <\/strong>Tedesco (senza traduzione) | Deutsch (ohne \u00dcbersetzung)<\/p>\n<p><a href=\"https:\/\/stiftung.arch.bz.it\/de\/\" target=\"_blank\" rel=\"noopener noreferrer\">Architekturstiftung S\u00fcdtirol<\/a><br \/>\n<a href=\"mailto:stiftung@arch.bz.it\">stiftung@arch.bz.it<\/a><br \/>\n0471 301751<\/p>\n<p><img decoding=\"async\" class=\"\" src=\"https:\/\/stiftung.arch.bz.it\/img\/architektenstiftung_logo.jpg\" width=\"486\" height=\"128\" \/><\/p>\n<p>Con il gentile sostegno di | Mit freundlicher Unterst\u00fctzung von<\/p>\n<p><img decoding=\"async\" class=\"\" src=\"https:\/\/archacademy.it\/wp-content\/uploads\/2024\/10\/2024Logo_Abt_4z-1.jpg\" width=\"394\" height=\"133\" \/><\/p>\n","protected":false},"author":92727,"featured_media":59421,"comment_status":"closed","ping_status":"closed","template":"","meta":{"_expiration-date-status":"","_expiration-date":0,"_expiration-date-type":"","_expiration-date-categories":[],"_expiration-date-options":[]},"product_cat":[297,30],"product_tag":[],"class_list":{"0":"post-81788","1":"product","2":"type-product","3":"status-publish","4":"has-post-thumbnail","6":"product_cat-architettura","7":"product_cat-webinars","8":"myxclima-home","9":"tm-has-options","11":"first","12":"outofstock","13":"virtual","14":"sold-individually","15":"taxable","16":"purchasable","17":"product-type-simple"},"_links":{"self":[{"href":"https:\/\/archacademy.it\/de\/wp-json\/wp\/v2\/product\/81788"}],"collection":[{"href":"https:\/\/archacademy.it\/de\/wp-json\/wp\/v2\/product"}],"about":[{"href":"https:\/\/archacademy.it\/de\/wp-json\/wp\/v2\/types\/product"}],"author":[{"embeddable":true,"href":"https:\/\/archacademy.it\/de\/wp-json\/wp\/v2\/users\/92727"}],"replies":[{"embeddable":true,"href":"https:\/\/archacademy.it\/de\/wp-json\/wp\/v2\/comments?post=81788"}],"wp:featuredmedia":[{"embeddable":true,"href":"https:\/\/archacademy.it\/de\/wp-json\/wp\/v2\/media\/59421"}],"wp:attachment":[{"href":"https:\/\/archacademy.it\/de\/wp-json\/wp\/v2\/media?parent=81788"}],"wp:term":[{"taxonomy":"product_cat","embeddable":true,"href":"https:\/\/archacademy.it\/de\/wp-json\/wp\/v2\/product_cat?post=81788"},{"taxonomy":"product_tag","embeddable":true,"href":"https:\/\/archacademy.it\/de\/wp-json\/wp\/v2\/product_tag?post=81788"}],"curies":[{"name":"wp","href":"https:\/\/api.w.org\/{rel}","templated":true}]}}

BAUKULTUR FÜR ALLE!? HouseEurope! Von Grau Zu Gold

<p>Die Architekturstiftung Südtirol lädt Sie ganz herzlich <strong>zum nächsten Abend der digitalen Veranstaltungsreihe  “Baukultur, Raumordnung und Landschaft”</strong> ein.</p>
<p>HouseEurope! will Häuser und Gemeinschaften erhalten, eine gerechtere und lokalere Bauindustrie schaffen, Energie und Ressourcen sparen und die Geschichte und Erinnerungen unserer Baukultur bewahren. Renovierung und Umbau sollen in Zukunft die Norm sein, denn die Potentiale bestehender Gebäude sind enorm! Wie können wir als Architekten und Architektinnen zu diesem Wandel beitragen um den Werten die in unseren bestehenden Gebäuden stecken, einen Wert zu geben?</p>
<p><strong>Programma | Programm:</strong></p>
<ul>
<li>Einleitende Worte, <strong>Arch. Carlo Calderan</strong></li>
<li>Vortrag von <strong>Arch. Olaf Grawert</strong></li>
<li>Fragen und Diskussion</li>
</ul>
<p><strong>Conducono | Moderation</strong>: Arch. Margot Wittig | Arch. Marlene Roner</p>
<p><strong>Lingua | Sprache: </strong>Tedesco (senza traduzione) | Deutsch (ohne Übersetzung)</p>
<p><a href="https://stiftung.arch.bz.it/de/" target="_blank" rel="noopener noreferrer">Architekturstiftung Südtirol</a><br />
<a href="mailto:stiftung@arch.bz.it">stiftung@arch.bz.it</a><br />
0471 301751</p>
<p><img decoding="async" class="" src="https://stiftung.arch.bz.it/img/architektenstiftung_logo.jpg" width="486" height="128" /></p>
<p>Con il gentile sostegno di | Mit freundlicher Unterstützung von</p>
<p><img decoding="async" class="" src="https://archacademy.it/wp-content/uploads/2024/10/2024Logo_Abt_4z-1.jpg" width="394" height="133" /></p>
