{"id":81767,"date":"2024-11-04T11:11:28","date_gmt":"2024-11-04T10:11:28","guid":{"rendered":"https:\/\/archacademy.it\/?post_type=product&#038;p=81767"},"modified":"2024-12-09T11:40:59","modified_gmt":"2024-12-09T10:40:59","slug":"gut-mit-landschaft-planen-progettare-bene-con-il-paesaggio","status":"publish","type":"product","link":"https:\/\/archacademy.it\/de\/prodotto\/gut-mit-landschaft-planen-progettare-bene-con-il-paesaggio\/","title":{"rendered":"Gut mit Landschaft planen | Progettare bene con il paesaggio"},"content":{"rendered":"","protected":false},"excerpt":{"rendered":"<p>Gli interventi effettuati dalle passate generazioni devono sempre pi\u00f9 essere valorizzati, poich\u00e9 contengono il carattere identitario dei nostri luoghi. Il paesaggio naturale e culturale \u00e8 espressione di un elevato valore architettonico ed \u00e8 inoltre ricco di storia e di emozioni; questo paesaggio deve essere sostenibile e utilizzare poche risorse. Tutto depone a favore dell&#8217;uso e del riuso continuo delle nostre tradizioni edilizie e del nostro territorio che dovrebbe essere il pi\u00f9 possibile salvaguardato nelle sue forme originali. Un momento di riflessione e scambio con i membri del Comitato per la cultura edilizia ed il paesaggio.<\/p>\n<p><strong>Programma: <\/strong><\/p>\n<p>08:45 Registrazione<br \/>\n09:00 Saluti &#8211; Assessore Peter Brunner<br \/>\n09:10 Saluti &#8211; Direttrice di Ripartizione Virna Bussadori<br \/>\n09:20 Saluti &#8211; Direttrice d&#8217;Ufficio Carlotta Polo<\/p>\n<p>09:30 <strong><u>Erhalt und Wiederverwendung<\/u>. <\/strong>Mit dem baukulturellen Wert und der Schonung der Ressourcen planen. \u00a0&#8211; Conradin Clavuot<\/p>\n<p>10:15 <strong><u>Le tipologie sono oggi di attualit\u00e0?<\/u><\/strong> &#8211; Sebastiano Brandolini<\/p>\n<p>11:00 Kaffeepause<\/p>\n<p>11:20 <strong><u>Baukultur und \u00d6konomische Unterst\u00fctzungen<\/u><\/strong>\u00a0&#8211; Verschieden Beitragsm\u00f6glichkeiten \u2013 Martina Pecher<\/p>\n<p>11:45 <strong><u>Von der Landschaft bis zur Architektur<\/u><\/strong>: Crashkurs Landschaftsarchitektur &#8211; Lilli Li\u010dka<\/p>\n<p>12:30 Discussione<\/p>\n<p><strong>Moderazione<\/strong>: Martina Pecher<\/p>\n<p><strong><br \/>\nLingua:<\/strong><br \/>\n<b>A seconda dei titoli degli interventi<\/b> (senza traduzione)<\/p>\n<p>&nbsp;<\/p>\n<p>Evento organizzato da<\/p>\n<p><img decoding=\"async\" src=\"https:\/\/archacademy.it\/wp-content\/uploads\/2024\/10\/20241128-Logoleiste-Provinz.jpg\" \/><\/p>\n","protected":false},"author":92727,"featured_media":81768,"comment_status":"closed","ping_status":"closed","template":"","meta":{"_expiration-date-status":"","_expiration-date":0,"_expiration-date-type":"","_expiration-date-categories":[],"_expiration-date-options":[]},"product_cat":[328],"product_tag":[],"class_list":{"0":"post-81767","1":"product","2":"type-product","3":"status-publish","4":"has-post-thumbnail","6":"product_cat-on-site-privato","7":"tm-has-options","9":"first","10":"outofstock","11":"virtual","12":"sold-individually","13":"taxable","14":"purchasable","15":"product-type-simple"},"_links":{"self":[{"href":"https:\/\/archacademy.it\/de\/wp-json\/wp\/v2\/product\/81767"}],"collection":[{"href":"https:\/\/archacademy.it\/de\/wp-json\/wp\/v2\/product"}],"about":[{"href":"https:\/\/archacademy.it\/de\/wp-json\/wp\/v2\/types\/product"}],"author":[{"embeddable":true,"href":"https:\/\/archacademy.it\/de\/wp-json\/wp\/v2\/users\/92727"}],"replies":[{"embeddable":true,"href":"https:\/\/archacademy.it\/de\/wp-json\/wp\/v2\/comments?post=81767"}],"wp:featuredmedia":[{"embeddable":true,"href":"https:\/\/archacademy.it\/de\/wp-json\/wp\/v2\/media\/81768"}],"wp:attachment":[{"href":"https:\/\/archacademy.it\/de\/wp-json\/wp\/v2\/media?parent=81767"}],"wp:term":[{"taxonomy":"product_cat","embeddable":true,"href":"https:\/\/archacademy.it\/de\/wp-json\/wp\/v2\/product_cat?post=81767"},{"taxonomy":"product_tag","embeddable":true,"href":"https:\/\/archacademy.it\/de\/wp-json\/wp\/v2\/product_tag?post=81767"}],"curies":[{"name":"wp","href":"https:\/\/api.w.org\/{rel}","templated":true}]}}

<p>Gli interventi effettuati dalle passate generazioni devono sempre più essere valorizzati, poiché contengono il carattere identitario dei nostri luoghi. Il paesaggio naturale e culturale è espressione di un elevato valore architettonico ed è inoltre ricco di storia e di emozioni; questo paesaggio deve essere sostenibile e utilizzare poche risorse. Tutto depone a favore dell&#8217;uso e del riuso continuo delle nostre tradizioni edilizie e del nostro territorio che dovrebbe essere il più possibile salvaguardato nelle sue forme originali. Un momento di riflessione e scambio con i membri del Comitato per la cultura edilizia ed il paesaggio.</p>
<p><strong>Programma: </strong></p>
<p>08:45 Registrazione<br />
09:00 Saluti &#8211; Assessore Peter Brunner<br />
09:10 Saluti &#8211; Direttrice di Ripartizione Virna Bussadori<br />
09:20 Saluti &#8211; Direttrice d&#8217;Ufficio Carlotta Polo</p>
<p>09:30 <strong><u>Erhalt und Wiederverwendung</u>. </strong>Mit dem baukulturellen Wert und der Schonung der Ressourcen planen.  &#8211; Conradin Clavuot</p>
<p>10:15 <strong><u>Le tipologie sono oggi di attualità?</u></strong> &#8211; Sebastiano Brandolini</p>
<p>11:00 Kaffeepause</p>
<p>11:20 <strong><u>Baukultur und Ökonomische Unterstützungen</u></strong> &#8211; Verschieden Beitragsmöglichkeiten – Martina Pecher</p>
<p>11:45 <strong><u>Von der Landschaft bis zur Architektur</u></strong>: Crashkurs Landschaftsarchitektur &#8211; Lilli Lička</p>
<p>12:30 Discussione</p>
<p><strong>Moderazione</strong>: Martina Pecher</p>
<p><strong><br />
Lingua:</strong><br />
<b>A seconda dei titoli degli interventi</b> (senza traduzione)</p>
<p>&nbsp;</p>
<p>Evento organizzato da</p>
<p><img decoding="async" src="https://archacademy.it/wp-content/uploads/2024/10/20241128-Logoleiste-Provinz.jpg" /></p>
