{"id":79199,"date":"2024-03-23T17:42:34","date_gmt":"2024-03-23T16:42:34","guid":{"rendered":"https:\/\/archacademy.it\/?post_type=product&#038;p=79199"},"modified":"2024-05-23T18:40:40","modified_gmt":"2024-05-23T16:40:40","slug":"la-pianificazione-e-la-mobilita-dai-trend-consolidati-alla-costruzione-di-scenari-una-svolta-sistemica","status":"publish","type":"product","link":"https:\/\/archacademy.it\/de\/prodotto\/la-pianificazione-e-la-mobilita-dai-trend-consolidati-alla-costruzione-di-scenari-una-svolta-sistemica\/","title":{"rendered":"La pianificazione e la mobilit\u00e0, dai trend consolidati alla costruzione di scenari: una svolta sistemica"},"content":{"rendered":"","protected":false},"excerpt":{"rendered":"<p>La Fondazione Architettura Alto Adige ha il piacere di invitarVi a questa serata della serie di eventi online sul tema \u201ecultura del costruire e pianificazione territoriale&#8221; di questo anno.<\/p>\n<p>La citt\u00e0 pu\u00f2 cambiare perch\u00e9 i flussi che compongono la mobilit\u00e0 della citt\u00e0 hanno una grande capacit\u00e0 di adattarsi e di riconfigurarsi.<br \/>\nLa mobilit\u00e0 \u00e8 assai meno rigida di quello che si creda, i suoi flussi sono molto pi\u00f9 malleabili di quello che dicono gli studi di settore spesso caratterizzati da un approccio \u201cpredict and provide\u201d, che sviluppa scenari futuri a partire da trend attuali.<br \/>\nIl vero cambiamento delle citt\u00e0 pu\u00f2 avvenire adottando, una prospettiva \u201cdecide and provide\u201d, incentrata sull\u2019idea di citt\u00e0 che si intende promuovere. Occorre avere coraggio e una visione comune politica e progettuale con cui cambiare la mobilit\u00e0 della citt\u00e0, radicalmente e rapidamente.<\/p>\n<p><strong>Programma | Programm:<\/strong><\/p>\n<ul>\n<li><strong>Arch. Carlo Calderan:<span style=\"font-weight: 400;\">\u00a0Parole introduttive | Einleitende Worte<\/span><br \/>\n<\/strong><\/li>\n<li><strong>Arch. Federico Parolotto<\/strong>: <span class=\"fontstyle0\">La pianificazione e la mobilit\u00e0<\/span><\/li>\n<li><strong>Arch. Marlene Roner e Arch. Margot Wittig: <\/strong>Domande e Discussione<\/li>\n<\/ul>\n<p><strong>Conducono | Moderation<\/strong>:<br \/>\nArch. Carlo Calderan | Arch. Margot Wittig | Arch. Marlene Roner<\/p>\n<p><strong>Lingua | Sprache:<br \/>\n<\/strong>Italiano (senza traduzione) | Italienisch (ohne \u00dcbersetzung)<\/p>\n<p><a href=\"https:\/\/stiftung.arch.bz.it\/de\/\" target=\"_blank\" rel=\"noopener noreferrer\">Architekturstiftung S\u00fcdtirol<\/a><br \/>\n<a href=\"mailto:stiftung@arch.bz.it\">stiftung@arch.bz.it<\/a><br \/>\n0471 301751<\/p>\n<p><img decoding=\"async\" class=\"\" src=\"https:\/\/stiftung.arch.bz.it\/img\/architektenstiftung_logo.jpg\" width=\"486\" height=\"128\" \/><\/p>\n","protected":false},"author":92727,"featured_media":59421,"comment_status":"closed","ping_status":"closed","template":"","meta":{"_expiration-date-status":"","_expiration-date":0,"_expiration-date-type":"","_expiration-date-categories":[],"_expiration-date-options":[]},"product_cat":[297,30],"product_tag":[],"class_list":{"0":"post-79199","1":"product","2":"type-product","3":"status-publish","4":"has-post-thumbnail","6":"product_cat-architettura","7":"product_cat-webinars","8":"myxclima-home","9":"tm-has-options","11":"first","12":"outofstock","13":"downloadable","14":"virtual","15":"sold-individually","16":"taxable","17":"purchasable","18":"product-type-simple"},"_links":{"self":[{"href":"https:\/\/archacademy.it\/de\/wp-json\/wp\/v2\/product\/79199"}],"collection":[{"href":"https:\/\/archacademy.it\/de\/wp-json\/wp\/v2\/product"}],"about":[{"href":"https:\/\/archacademy.it\/de\/wp-json\/wp\/v2\/types\/product"}],"author":[{"embeddable":true,"href":"https:\/\/archacademy.it\/de\/wp-json\/wp\/v2\/users\/92727"}],"replies":[{"embeddable":true,"href":"https:\/\/archacademy.it\/de\/wp-json\/wp\/v2\/comments?post=79199"}],"wp:featuredmedia":[{"embeddable":true,"href":"https:\/\/archacademy.it\/de\/wp-json\/wp\/v2\/media\/59421"}],"wp:attachment":[{"href":"https:\/\/archacademy.it\/de\/wp-json\/wp\/v2\/media?parent=79199"}],"wp:term":[{"taxonomy":"product_cat","embeddable":true,"href":"https:\/\/archacademy.it\/de\/wp-json\/wp\/v2\/product_cat?post=79199"},{"taxonomy":"product_tag","embeddable":true,"href":"https:\/\/archacademy.it\/de\/wp-json\/wp\/v2\/product_tag?post=79199"}],"curies":[{"name":"wp","href":"https:\/\/api.w.org\/{rel}","templated":true}]}}

La pianificazione e la mobilità, dai trend consolidati alla costruzione di scenari: una svolta sistemica

<p>La Fondazione Architettura Alto Adige ha il piacere di invitarVi a questa serata della serie di eventi online sul tema „cultura del costruire e pianificazione territoriale&#8221; di questo anno.</p>
<p>La città può cambiare perché i flussi che compongono la mobilità della città hanno una grande capacità di adattarsi e di riconfigurarsi.<br />
La mobilità è assai meno rigida di quello che si creda, i suoi flussi sono molto più malleabili di quello che dicono gli studi di settore spesso caratterizzati da un approccio “predict and provide”, che sviluppa scenari futuri a partire da trend attuali.<br />
Il vero cambiamento delle città può avvenire adottando, una prospettiva “decide and provide”, incentrata sull’idea di città che si intende promuovere. Occorre avere coraggio e una visione comune politica e progettuale con cui cambiare la mobilità della città, radicalmente e rapidamente.</p>
<p><strong>Programma | Programm:</strong></p>
<ul>
<li><strong>Arch. Carlo Calderan:<span style="font-weight: 400;"> Parole introduttive | Einleitende Worte</span><br />
</strong></li>
<li><strong>Arch. Federico Parolotto</strong>: <span class="fontstyle0">La pianificazione e la mobilità</span></li>
<li><strong>Arch. Marlene Roner e Arch. Margot Wittig: </strong>Domande e Discussione</li>
</ul>
<p><strong>Conducono | Moderation</strong>:<br />
Arch. Carlo Calderan | Arch. Margot Wittig | Arch. Marlene Roner</p>
<p><strong>Lingua | Sprache:<br />
</strong>Italiano (senza traduzione) | Italienisch (ohne Übersetzung)</p>
<p><a href="https://stiftung.arch.bz.it/de/" target="_blank" rel="noopener noreferrer">Architekturstiftung Südtirol</a><br />
<a href="mailto:stiftung@arch.bz.it">stiftung@arch.bz.it</a><br />
0471 301751</p>
<p><img decoding="async" class="" src="https://stiftung.arch.bz.it/img/architektenstiftung_logo.jpg" width="486" height="128" /></p>
