{"id":63597,"date":"2022-02-19T12:40:55","date_gmt":"2022-02-19T11:40:55","guid":{"rendered":"https:\/\/archacademy.it\/?post_type=product&#038;p=63597"},"modified":"2022-06-24T13:19:20","modified_gmt":"2022-06-24T11:19:20","slug":"regionale-stadtkultur-strategien-kooperationen-und-projekte-in-architektur-und-landschaft","status":"publish","type":"product","link":"https:\/\/archacademy.it\/de\/prodotto\/regionale-stadtkultur-strategien-kooperationen-und-projekte-in-architektur-und-landschaft\/","title":{"rendered":"Regionale Stadtkultur, Strategien, Kooperationen und Projekte in Architektur und Landschaft"},"content":{"rendered":"","protected":false},"excerpt":{"rendered":"<p><strong><img decoding=\"async\" src=\"https:\/\/archacademy.it\/wp-content\/uploads\/2022\/02\/Veranstalter-1-1024x263.jpg\" \/><\/strong><\/p>\n<p>&nbsp;<\/p>\n<p>Forum Stadt &#8211; Netzwerk historischer St\u00e4dte e.V. und die Gastgeberstadt Meran laden zur internationalen St\u00e4dtetagung ein.<\/p>\n<p>St\u00e4dte und lokale Netzwerke einer Region schlie\u00dfen sich immer h\u00e4ufiger zusammen, um sich \u00fcber ihre gemeinsame Baukultur und Landschaft zu pr\u00e4sentieren.<br \/>\nKooperationen treten an die Stelle der Konkurrenz, um \u00fcber Gemeindegrenzen hinweg Probleme zu l\u00f6sen, die alle betreffen, oder um gemeinsame Ziele zu erreichen. In all diesen Konzepten und Strategien spielen St\u00e4dtebau, Architektur, Landschaftsarchitektur, aber auch Tourismus und Kulturinitiativen eine Schl\u00fcsselrolle.<br \/>\nSie k\u00f6nnen zeitlich befristet oder aber auf Dauer angelegt sein. Auf der Tagung sollen verschiedene konzeptionelle, inhaltliche und organisatorische Ans\u00e4tze sowie erfolgreich umgesetzte Beispiele vorgestellt und diskutiert werden. Die Tagungsregion S\u00fcdtirol ist f\u00fcr diese Strategien ein weit ausstrahlendes Beispiel und daher ein idealer Standort f\u00fcr die Veranstaltung.<\/p>\n<p>Neben der Tagung findet auch ein Abendvortrag von Dr. Leo Andergassen und der Empfang der Gemeinde Meran, mit B\u00fcrgermeister RA Dr. Dario Dal Medico statt, zu welchem wir herzlich einladen. Keine separate Anmeldung notwendig.<\/p>\n<p><span style=\"color: #1072b5;\"><a style=\"color: #1072b5;\" href=\"https:\/\/archacademy.it\/wp-content\/uploads\/2022\/02\/2022-Programm-Meran.pdf\" target=\"_blank\" rel=\"noopener\">Das genaue Programm k\u00f6nnen Sie HIER downloaden.<\/a><\/span><\/p>\n<p><strong>DER GROSSTEIL DER TAGUNG FINDET IN DEUTSCHER SPRACHE STATT, MIT SIMULTAN\u00dcBERSETZUNG INS ITALIENISCHE.<\/strong><\/p>\n<p>Anmeldeschluss: 08. April 2022<\/p>\n<p><a href=\"https:\/\/www.merano-suedtirol.it\/de\/meran.html\" target=\"_blank\" rel=\"noopener\"><img decoding=\"async\" class=\"alignnone\" src=\"https:\/\/archacademy.it\/wp-content\/uploads\/2022\/03\/PartnerSponsoren-1024x229_Merano.jpg\" alt=\"\" width=\"221\" height=\"147\" \/><\/a><a href=\"https:\/\/www.erdbau.it\/\" target=\"_blank\" rel=\"noopener\"><img decoding=\"async\" class=\"alignnone\" src=\"https:\/\/archacademy.it\/wp-content\/uploads\/2022\/03\/PartnerSponsoren-1024x229_Erdbau.jpg\" alt=\"\" width=\"206\" height=\"147\" \/><\/a><a href=\"https:\/\/www.plattner.bz\/\" target=\"_blank\" rel=\"noopener\"><img decoding=\"async\" class=\"alignnone\" src=\"https:\/\/archacademy.it\/wp-content\/uploads\/2022\/03\/PartnerSponsoren-1024x229_Plattner.jpg\" alt=\"\" width=\"226\" height=\"150\" \/><\/a><\/p>\n","protected":false},"author":92727,"featured_media":63598,"comment_status":"closed","ping_status":"closed","template":"","meta":{"_expiration-date-status":"","_expiration-date":0,"_expiration-date-type":"","_expiration-date-categories":[],"_expiration-date-options":[]},"product_cat":[267],"product_tag":[],"class_list":{"0":"post-63597","1":"product","2":"type-product","3":"status-publish","4":"has-post-thumbnail","6":"product_cat-onsite","7":"myxclima-home","8":"tm-has-options","10":"first","11":"outofstock","12":"virtual","13":"sold-individually","14":"taxable","15":"purchasable","16":"product-type-simple"},"_links":{"self":[{"href":"https:\/\/archacademy.it\/de\/wp-json\/wp\/v2\/product\/63597"}],"collection":[{"href":"https:\/\/archacademy.it\/de\/wp-json\/wp\/v2\/product"}],"about":[{"href":"https:\/\/archacademy.it\/de\/wp-json\/wp\/v2\/types\/product"}],"author":[{"embeddable":true,"href":"https:\/\/archacademy.it\/de\/wp-json\/wp\/v2\/users\/92727"}],"replies":[{"embeddable":true,"href":"https:\/\/archacademy.it\/de\/wp-json\/wp\/v2\/comments?post=63597"}],"wp:featuredmedia":[{"embeddable":true,"href":"https:\/\/archacademy.it\/de\/wp-json\/wp\/v2\/media\/63598"}],"wp:attachment":[{"href":"https:\/\/archacademy.it\/de\/wp-json\/wp\/v2\/media?parent=63597"}],"wp:term":[{"taxonomy":"product_cat","embeddable":true,"href":"https:\/\/archacademy.it\/de\/wp-json\/wp\/v2\/product_cat?post=63597"},{"taxonomy":"product_tag","embeddable":true,"href":"https:\/\/archacademy.it\/de\/wp-json\/wp\/v2\/product_tag?post=63597"}],"curies":[{"name":"wp","href":"https:\/\/api.w.org\/{rel}","templated":true}]}}

<p><strong><img decoding="async" src="https://archacademy.it/wp-content/uploads/2022/02/Veranstalter-1-1024x263.jpg" /></strong></p>
<p>&nbsp;</p>
<p>Forum Stadt &#8211; Netzwerk historischer Städte e.V. und die Gastgeberstadt Meran laden zur internationalen Städtetagung ein.</p>
<p>Städte und lokale Netzwerke einer Region schließen sich immer häufiger zusammen, um sich über ihre gemeinsame Baukultur und Landschaft zu präsentieren.<br />
Kooperationen treten an die Stelle der Konkurrenz, um über Gemeindegrenzen hinweg Probleme zu lösen, die alle betreffen, oder um gemeinsame Ziele zu erreichen. In all diesen Konzepten und Strategien spielen Städtebau, Architektur, Landschaftsarchitektur, aber auch Tourismus und Kulturinitiativen eine Schlüsselrolle.<br />
Sie können zeitlich befristet oder aber auf Dauer angelegt sein. Auf der Tagung sollen verschiedene konzeptionelle, inhaltliche und organisatorische Ansätze sowie erfolgreich umgesetzte Beispiele vorgestellt und diskutiert werden. Die Tagungsregion Südtirol ist für diese Strategien ein weit ausstrahlendes Beispiel und daher ein idealer Standort für die Veranstaltung.</p>
<p>Neben der Tagung findet auch ein Abendvortrag von Dr. Leo Andergassen und der Empfang der Gemeinde Meran, mit Bürgermeister RA Dr. Dario Dal Medico statt, zu welchem wir herzlich einladen. Keine separate Anmeldung notwendig.</p>
<p><span style="color: #1072b5;"><a style="color: #1072b5;" href="https://archacademy.it/wp-content/uploads/2022/02/2022-Programm-Meran.pdf" target="_blank" rel="noopener">Das genaue Programm können Sie HIER downloaden.</a></span></p>
<p><strong>DER GROSSTEIL DER TAGUNG FINDET IN DEUTSCHER SPRACHE STATT, MIT SIMULTANÜBERSETZUNG INS ITALIENISCHE.</strong></p>
<p>Anmeldeschluss: 08. April 2022</p>
<p><a href="https://www.merano-suedtirol.it/de/meran.html" target="_blank" rel="noopener"><img decoding="async" class="alignnone" src="https://archacademy.it/wp-content/uploads/2022/03/PartnerSponsoren-1024x229_Merano.jpg" alt="" width="221" height="147" /></a><a href="https://www.erdbau.it/" target="_blank" rel="noopener"><img decoding="async" class="alignnone" src="https://archacademy.it/wp-content/uploads/2022/03/PartnerSponsoren-1024x229_Erdbau.jpg" alt="" width="206" height="147" /></a><a href="https://www.plattner.bz/" target="_blank" rel="noopener"><img decoding="async" class="alignnone" src="https://archacademy.it/wp-content/uploads/2022/03/PartnerSponsoren-1024x229_Plattner.jpg" alt="" width="226" height="150" /></a></p>
