{"id":56950,"date":"2021-04-07T21:25:46","date_gmt":"2021-04-08T06:22:19","guid":{"rendered":"https:\/\/archacademy.it\/shop\/export-architetti-sudtirolesi-all-estero-suedtiroler-architekten-im-ausland-thomas-huck-katerina-kunzova\/"},"modified":"2021-06-07T14:35:24","modified_gmt":"2021-06-07T12:35:24","slug":"export-architetti-sudtirolesi-all-estero-suedtiroler-architekten-im-ausland-thomas-huck-katerina-kunzova","status":"publish","type":"product","link":"https:\/\/archacademy.it\/de\/produkt\/export-architetti-sudtirolesi-all-estero-suedtiroler-architekten-im-ausland-thomas-huck-katerina-kunzova\/","title":{"rendered":"EXPORT: ARCHITETTI SUDTIROLESI ALL\u2019 ESTERO &#8211; S\u00dcDTIROLER ARCHITEKTEN IM AUSLAND, Thomas Huck &#038; Kate\u0159ina Kunzov\u00e1"},"content":{"rendered":"","protected":false},"excerpt":{"rendered":"<p><strong>\u201eWien du kennst mich up, kennst mich down\u201c<\/strong><\/p>\n<p>Thomas Huck (s_ss_\u00dfStudio) &amp; Kate\u0159ina Kunzov\u00e1 (_gallery_magda_) laden sie ein in eine U-Bahn-Fahrt durch Wien, dem Gebauten und Ungebauten, dem Geplanten und Vertanen.<\/p>\n<p>Von Nordost und S\u00fcdwest kommend werfen sie einen Blick auf die ehemalige Habsburger-Metropole und ihrem Lockdown bedingten Aufenthaltsort. Erkl\u00e4ren wieso Natur in Wien politisch korrekt in Rot dargestellt wird und niemand auf seinem Balkon ertrinken muss, der Ziviltechniker nicht das selbe wie ein \u201cArchitetto\u201d ist und es zwar viel Neues gibt, man aber wie in der Musik in der Klassik gefangen zu sein scheint.<\/p>\n<p>Dabei werfen sie auch einen Blick auf gemeinsame Projekte ihres Vereins \u201c<em>KUCK | Verein f\u00fcr urbane Erregung | Institute for urban erection\u201d <\/em>mit der sie die Kulturlandschaft zwischen Bozen und Ostrava erkunden und Wien nun mal genau in der Mitte liegt.<\/p>\n<p><strong>Relatori\/Relatrici | Referent*innen: <\/strong>Thomas Huck | Kate\u0159ina Kunzov\u00e1<\/p>\n<p><strong>Lingua | Sprache<\/strong>: Tedesco e Inglese (senza Traduzione) | Deutsch und Englisch (ohne \u00dcbersetzung)<\/p>\n<p><strong>Conducono | Moderation<\/strong>: Arch. Sandy Attia | Arch. Carlo Calderan<\/p>\n<p><a href=\"https:\/\/stiftung.arch.bz.it\/de\/\" target=\"_blank\" rel=\"noopener noreferrer\">Architekturstiftung S\u00fcdtirol<\/a><br \/>\n<a href=\"mailto:stiftung@arch.bz.it\">stiftung@arch.bz.it<\/a><br \/>\n0471 301751<\/p>\n<p><img decoding=\"async\" class=\"\" src=\"https:\/\/stiftung.arch.bz.it\/img\/architektenstiftung_logo.jpg\" width=\"486\" height=\"128\" \/><\/p>\n","protected":false},"author":92727,"featured_media":60978,"comment_status":"closed","ping_status":"closed","template":"","meta":{"_expiration-date-status":"","_expiration-date":0,"_expiration-date-type":"","_expiration-date-categories":[],"_expiration-date-options":[]},"product_cat":[223],"product_tag":[],"class_list":{"0":"post-56950","1":"product","2":"type-product","3":"status-publish","4":"has-post-thumbnail","6":"product_cat-webinars-de","7":"tm-has-options","9":"first","10":"outofstock","11":"downloadable","12":"virtual","13":"sold-individually","14":"taxable","15":"purchasable","16":"product-type-simple"},"_links":{"self":[{"href":"https:\/\/archacademy.it\/de\/wp-json\/wp\/v2\/product\/56950"}],"collection":[{"href":"https:\/\/archacademy.it\/de\/wp-json\/wp\/v2\/product"}],"about":[{"href":"https:\/\/archacademy.it\/de\/wp-json\/wp\/v2\/types\/product"}],"author":[{"embeddable":true,"href":"https:\/\/archacademy.it\/de\/wp-json\/wp\/v2\/users\/92727"}],"replies":[{"embeddable":true,"href":"https:\/\/archacademy.it\/de\/wp-json\/wp\/v2\/comments?post=56950"}],"wp:featuredmedia":[{"embeddable":true,"href":"https:\/\/archacademy.it\/de\/wp-json\/wp\/v2\/media\/60978"}],"wp:attachment":[{"href":"https:\/\/archacademy.it\/de\/wp-json\/wp\/v2\/media?parent=56950"}],"wp:term":[{"taxonomy":"product_cat","embeddable":true,"href":"https:\/\/archacademy.it\/de\/wp-json\/wp\/v2\/product_cat?post=56950"},{"taxonomy":"product_tag","embeddable":true,"href":"https:\/\/archacademy.it\/de\/wp-json\/wp\/v2\/product_tag?post=56950"}],"curies":[{"name":"wp","href":"https:\/\/api.w.org\/{rel}","templated":true}]}}

EXPORT: ARCHITETTI SUDTIROLESI ALL’ ESTERO &#8211; SÜDTIROLER ARCHITEKTEN IM AUSLAND, Thomas Huck &#038; Kateřina Kunzová

<p><strong>„Wien du kennst mich up, kennst mich down“</strong></p>
<p>Thomas Huck (s_ss_ßStudio) &amp; Kateřina Kunzová (_gallery_magda_) laden sie ein in eine U-Bahn-Fahrt durch Wien, dem Gebauten und Ungebauten, dem Geplanten und Vertanen.</p>
<p>Von Nordost und Südwest kommend werfen sie einen Blick auf die ehemalige Habsburger-Metropole und ihrem Lockdown bedingten Aufenthaltsort. Erklären wieso Natur in Wien politisch korrekt in Rot dargestellt wird und niemand auf seinem Balkon ertrinken muss, der Ziviltechniker nicht das selbe wie ein “Architetto” ist und es zwar viel Neues gibt, man aber wie in der Musik in der Klassik gefangen zu sein scheint.</p>
<p>Dabei werfen sie auch einen Blick auf gemeinsame Projekte ihres Vereins “<em>KUCK | Verein für urbane Erregung | Institute for urban erection” </em>mit der sie die Kulturlandschaft zwischen Bozen und Ostrava erkunden und Wien nun mal genau in der Mitte liegt.</p>
<p><strong>Relatori/Relatrici | Referent*innen: </strong>Thomas Huck | Kateřina Kunzová</p>
<p><strong>Lingua | Sprache</strong>: Tedesco e Inglese (senza Traduzione) | Deutsch und Englisch (ohne Übersetzung)</p>
<p><strong>Conducono | Moderation</strong>: Arch. Sandy Attia | Arch. Carlo Calderan</p>
<p><a href="https://stiftung.arch.bz.it/de/" target="_blank" rel="noopener noreferrer">Architekturstiftung Südtirol</a><br />
<a href="mailto:stiftung@arch.bz.it">stiftung@arch.bz.it</a><br />
0471 301751</p>
<p><img decoding="async" class="" src="https://stiftung.arch.bz.it/img/architektenstiftung_logo.jpg" width="486" height="128" /></p>
