{"id":52654,"date":"2020-11-03T15:20:56","date_gmt":"2020-11-03T14:20:56","guid":{"rendered":"https:\/\/archacademy.it\/?post_type=product&#038;p=52654"},"modified":"2021-01-29T09:28:25","modified_gmt":"2021-01-29T08:28:25","slug":"symposium-innenentwicklung","status":"publish","type":"product","link":"https:\/\/archacademy.it\/de\/produkt\/symposium-innenentwicklung\/","title":{"rendered":"Symposium Innenentwicklung"},"content":{"rendered":"","protected":false},"excerpt":{"rendered":"<p>Sanierung, Aufstockung, Leerstandsmanagement &amp; Co \/\/<\/p>\n<p>S\u00fcdtirol ist ein Gebirgsland, in dem 94,5 % der Fl\u00e4che f\u00fcr die Bebauung nicht nutzbar sind. Mit Blick auf die n\u00e4chsten Generationen muss die Landschaft also sorgsam genutzt werden, damit S\u00fcdtirol weiterhin ein attraktiver Lebensraum f\u00fcr G\u00e4ste und die hier lebenden Menschen bleibt. Das neue Landesgesetz \u201eRaum und Landschaft\u201c ist im Juli in Kraft getreten und stellt S\u00fcdtiroler Gemeinden, Planer und die gesamte Baubranche vor neue Herausforderungen. D\u00f6rfer und St\u00e4dte d\u00fcrfen ihre Attraktivit\u00e4t nicht verlieren, gleichzeitig muss weiterem Fl\u00e4chenverbrauch durch neue Bauten entgegengesteuert werden. Immer wichtiger werden daher Sanierungen, Aufstockungen, Leerstandsmanagement, nachhaltige Rohstoffe und innovative Urbanistik-Konzepte. Bei unserem Webinar dreht sich sich alles um diese Themen.<br \/>\n<strong><br \/>\n<\/strong><\/p>\n<p><strong>Programm:<\/strong><\/p>\n<p><strong>EINF\u00dcRHUNG IN DAS NEUE GESETZ RAUM UND LANDSCHAFT MIT BEZUG ZUR INNENENTWICKLUNG,\u00a0<\/strong><strong>Frank Weber<\/strong>, Ressortleiter Raumentwicklung, Landschaft und Denkmalpflege<\/p>\n<p><strong>INPUTS RUND UMS SANIEREN<br \/>\n<\/strong>&#8211; Dachaufstockung und Sanierung im st\u00e4dtischen Raum Projekt Sinfonia <strong>Marco Sette<\/strong>, Architekt<br \/>\n&#8211; Sanierung eines denkmalgesch\u00fctzten Geb\u00e4udes mit Holz und Anbau, <strong>Silvia Dell\u2018Agnolo<\/strong>, Architektin<br \/>\n&#8211; Leerstandsmanagement, <strong>Andr\u00e9 Mallossek<\/strong>, Plattform Land<br \/>\n&#8211; Sanierungslotse \u2013 Erfahrungen aus Energieinstitut Vorarlberg, <strong>Eckart Dr\u00f6ssler<\/strong>, Energieinstitut Vorarlberg<\/p>\n<p><strong>DISKUSSIONSRUNDE ZUM THEMA \u201eSANIEREN, WICHTIG ABER RICHTIG!\u201c<br \/>\n<\/strong><strong>Maria Hochgruber Kuenzer<\/strong>, Landesr\u00e4tin f\u00fcr Raumordnung<br \/>\n<strong>Gertrud Taube<\/strong>r, Fachbeirat Plattform Land<br \/>\n<strong>J\u00fcrgen R\u00f6ggla<\/strong>, Bereichsleiter Wood Construction Innovation IDM S\u00fcdtirol<br \/>\n<strong>Manuel Benedikte<\/strong>r, Vertreter der Kammer der Architekten RLD<br \/>\n<strong>Michael Epp<\/strong>, B\u00fcrgermeister Truden<br \/>\n<strong>Hubert Gruber<\/strong>, Obmann der Berufsgruppe Bau LVH<br \/>\n<strong>Robert Kargruber<\/strong>, Vizepr\u00e4sident des Baukollegium<\/p>\n<p>Moderation: <strong>Ulrich H\u00f6llrigl,<\/strong> Gesch\u00e4ftsf\u00fchrer Plattform Land<\/p>\n<p><strong>\u00a0<\/strong><\/p>\n<p><strong>Sprache:<\/strong> Deutsch ohne \u00dcbersetzung<\/p>\n<p><a href=\"https:\/\/www.idm-suedtirol.com\/de\/home.html\" target=\"_blank\" rel=\"noopener noreferrer\"><img decoding=\"async\" class=\"alignnone wp-image-52648 \" title=\"IDM S\u00fcdtirol | Alto Adige\" src=\"https:\/\/archacademy.it\/wp-content\/uploads\/2018\/01\/IDM2-300x158.png\" alt=\"\" width=\"188\" height=\"99\" srcset=\"https:\/\/archacademy.it\/wp-content\/uploads\/2018\/01\/IDM2-300x158.png 300w, https:\/\/archacademy.it\/wp-content\/uploads\/2018\/01\/IDM2.png 310w\" sizes=\"(max-width: 188px) 100vw, 188px\" \/><\/a><a href=\"https:\/\/arch.bz.it\/\" target=\"_blank\" rel=\"noopener noreferrer\"><img decoding=\"async\" class=\"alignnone wp-image-52650 \" title=\"Kammer der Architekten RLD Bozen\" src=\"https:\/\/archacademy.it\/wp-content\/uploads\/2018\/01\/Kammer_logo-300x118.jpg\" alt=\"\" width=\"234\" height=\"92\" srcset=\"https:\/\/archacademy.it\/wp-content\/uploads\/2018\/01\/Kammer_logo-300x118.jpg 300w, https:\/\/archacademy.it\/wp-content\/uploads\/2018\/01\/Kammer_logo.jpg 380w\" sizes=\"(max-width: 234px) 100vw, 234px\" \/><\/a><a href=\"https:\/\/www.plattformland.org\/\" target=\"_blank\" rel=\"noopener noreferrer\"><img decoding=\"async\" class=\"alignnone wp-image-52652 \" title=\"Plattform Land\" src=\"https:\/\/archacademy.it\/wp-content\/uploads\/2018\/01\/Plattform-Land-300x99.jpg\" alt=\"\" width=\"248\" height=\"82\" srcset=\"https:\/\/archacademy.it\/wp-content\/uploads\/2018\/01\/Plattform-Land-300x99.jpg 300w, https:\/\/archacademy.it\/wp-content\/uploads\/2018\/01\/Plattform-Land.jpg 553w\" sizes=\"(max-width: 248px) 100vw, 248px\" \/><\/a><\/p>\n","protected":false},"author":92727,"featured_media":52647,"comment_status":"closed","ping_status":"closed","template":"","meta":{"_expiration-date-status":"","_expiration-date":0,"_expiration-date-type":"","_expiration-date-categories":[],"_expiration-date-options":[]},"product_cat":[223],"product_tag":[],"class_list":{"0":"post-52654","1":"product","2":"type-product","3":"status-publish","4":"has-post-thumbnail","6":"product_cat-webinars-de","7":"tm-has-options","9":"first","10":"outofstock","11":"downloadable","12":"virtual","13":"sold-individually","14":"taxable","15":"purchasable","16":"product-type-simple"},"_links":{"self":[{"href":"https:\/\/archacademy.it\/de\/wp-json\/wp\/v2\/product\/52654"}],"collection":[{"href":"https:\/\/archacademy.it\/de\/wp-json\/wp\/v2\/product"}],"about":[{"href":"https:\/\/archacademy.it\/de\/wp-json\/wp\/v2\/types\/product"}],"author":[{"embeddable":true,"href":"https:\/\/archacademy.it\/de\/wp-json\/wp\/v2\/users\/92727"}],"replies":[{"embeddable":true,"href":"https:\/\/archacademy.it\/de\/wp-json\/wp\/v2\/comments?post=52654"}],"wp:featuredmedia":[{"embeddable":true,"href":"https:\/\/archacademy.it\/de\/wp-json\/wp\/v2\/media\/52647"}],"wp:attachment":[{"href":"https:\/\/archacademy.it\/de\/wp-json\/wp\/v2\/media?parent=52654"}],"wp:term":[{"taxonomy":"product_cat","embeddable":true,"href":"https:\/\/archacademy.it\/de\/wp-json\/wp\/v2\/product_cat?post=52654"},{"taxonomy":"product_tag","embeddable":true,"href":"https:\/\/archacademy.it\/de\/wp-json\/wp\/v2\/product_tag?post=52654"}],"curies":[{"name":"wp","href":"https:\/\/api.w.org\/{rel}","templated":true}]}}

<p>Sanierung, Aufstockung, Leerstandsmanagement &amp; Co //</p>
<p>Südtirol ist ein Gebirgsland, in dem 94,5 % der Fläche für die Bebauung nicht nutzbar sind. Mit Blick auf die nächsten Generationen muss die Landschaft also sorgsam genutzt werden, damit Südtirol weiterhin ein attraktiver Lebensraum für Gäste und die hier lebenden Menschen bleibt. Das neue Landesgesetz „Raum und Landschaft“ ist im Juli in Kraft getreten und stellt Südtiroler Gemeinden, Planer und die gesamte Baubranche vor neue Herausforderungen. Dörfer und Städte dürfen ihre Attraktivität nicht verlieren, gleichzeitig muss weiterem Flächenverbrauch durch neue Bauten entgegengesteuert werden. Immer wichtiger werden daher Sanierungen, Aufstockungen, Leerstandsmanagement, nachhaltige Rohstoffe und innovative Urbanistik-Konzepte. Bei unserem Webinar dreht sich sich alles um diese Themen.<br />
<strong><br />
</strong></p>
<p><strong>Programm:</strong></p>
<p><strong>EINFÜRHUNG IN DAS NEUE GESETZ RAUM UND LANDSCHAFT MIT BEZUG ZUR INNENENTWICKLUNG, </strong><strong>Frank Weber</strong>, Ressortleiter Raumentwicklung, Landschaft und Denkmalpflege</p>
<p><strong>INPUTS RUND UMS SANIEREN<br />
</strong>&#8211; Dachaufstockung und Sanierung im städtischen Raum Projekt Sinfonia <strong>Marco Sette</strong>, Architekt<br />
&#8211; Sanierung eines denkmalgeschützten Gebäudes mit Holz und Anbau, <strong>Silvia Dell‘Agnolo</strong>, Architektin<br />
&#8211; Leerstandsmanagement, <strong>André Mallossek</strong>, Plattform Land<br />
&#8211; Sanierungslotse – Erfahrungen aus Energieinstitut Vorarlberg, <strong>Eckart Drössler</strong>, Energieinstitut Vorarlberg</p>
<p><strong>DISKUSSIONSRUNDE ZUM THEMA „SANIEREN, WICHTIG ABER RICHTIG!“<br />
</strong><strong>Maria Hochgruber Kuenzer</strong>, Landesrätin für Raumordnung<br />
<strong>Gertrud Taube</strong>r, Fachbeirat Plattform Land<br />
<strong>Jürgen Röggla</strong>, Bereichsleiter Wood Construction Innovation IDM Südtirol<br />
<strong>Manuel Benedikte</strong>r, Vertreter der Kammer der Architekten RLD<br />
<strong>Michael Epp</strong>, Bürgermeister Truden<br />
<strong>Hubert Gruber</strong>, Obmann der Berufsgruppe Bau LVH<br />
<strong>Robert Kargruber</strong>, Vizepräsident des Baukollegium</p>
<p>Moderation: <strong>Ulrich Höllrigl,</strong> Geschäftsführer Plattform Land</p>
<p><strong> </strong></p>
<p><strong>Sprache:</strong> Deutsch ohne Übersetzung</p>
<p><a href="https://www.idm-suedtirol.com/de/home.html" target="_blank" rel="noopener noreferrer"><img decoding="async" class="alignnone wp-image-52648 " title="IDM Südtirol | Alto Adige" src="https://archacademy.it/wp-content/uploads/2018/01/IDM2-300x158.png" alt="" width="188" height="99" srcset="https://archacademy.it/wp-content/uploads/2018/01/IDM2-300x158.png 300w, https://archacademy.it/wp-content/uploads/2018/01/IDM2.png 310w" sizes="(max-width: 188px) 100vw, 188px" /></a><a href="https://arch.bz.it/" target="_blank" rel="noopener noreferrer"><img decoding="async" class="alignnone wp-image-52650 " title="Kammer der Architekten RLD Bozen" src="https://archacademy.it/wp-content/uploads/2018/01/Kammer_logo-300x118.jpg" alt="" width="234" height="92" srcset="https://archacademy.it/wp-content/uploads/2018/01/Kammer_logo-300x118.jpg 300w, https://archacademy.it/wp-content/uploads/2018/01/Kammer_logo.jpg 380w" sizes="(max-width: 234px) 100vw, 234px" /></a><a href="https://www.plattformland.org/" target="_blank" rel="noopener noreferrer"><img decoding="async" class="alignnone wp-image-52652 " title="Plattform Land" src="https://archacademy.it/wp-content/uploads/2018/01/Plattform-Land-300x99.jpg" alt="" width="248" height="82" srcset="https://archacademy.it/wp-content/uploads/2018/01/Plattform-Land-300x99.jpg 300w, https://archacademy.it/wp-content/uploads/2018/01/Plattform-Land.jpg 553w" sizes="(max-width: 248px) 100vw, 248px" /></a></p>
