{"id":46988,"date":"2020-05-04T09:40:35","date_gmt":"2020-05-04T07:40:35","guid":{"rendered":"https:\/\/archacademy.it\/?post_type=product&#038;p=46988"},"modified":"2023-02-28T10:20:51","modified_gmt":"2023-02-28T09:20:51","slug":"bz46988","status":"publish","type":"product","link":"https:\/\/archacademy.it\/de\/produkt\/bz46988\/","title":{"rendered":"MODUL 1 &#8211; DAS NEUE LANDESGESETZ RAUM UND LANDSCHAFT | AUFTAKTVERANSTALTUNG"},"content":{"rendered":"","protected":false},"excerpt":{"rendered":"<p>Seit die geltenden Gesetze f\u00fcr Raumordnung und Landschaftsschutz geschrieben wurden, haben sich S\u00fcdtirol und seine Gesellschaft gewandelt.<\/p>\n<p>Das neue Landesgesetz Raum und Landschaft wird voraussichtlich am 01.07.2020 in Kraft treten und jenes f\u00fcr Raumordnung und jenes f\u00fcr den Landschaftsschutz abl\u00f6sen.<br \/>\nDer Interdisziplin\u00e4rer Ausschuss der technischen Berufskammern und Kollegien der autonomen Provinz Bozen &#8211; S\u00fcdtirol und die arch.academy bieten, in Zusammenarbeit mit der Autonomen Provinz Bozen \u201eAbteilung Natur, Raum, und Landschaftsentwicklung, dem S\u00fcdtiroler Gemeindenverband und der Handelskammer Bozen, die Online-Fortbildungsreihe zum neuen Landesgesetz Raum und Landschaft an, welche die bis jetzt feststehenden gesetzlichen Grundlagen des Gesetzes behandelt.<\/p>\n<p>Auftakt in diesem Modul bilden die Stellungnahmen von Landesr\u00e4tin Maria Hochgruber Kuenzer und Gemeindenverbandspr\u00e4sident Andreas Schatzer, welche Live auch auf Fragen der Teilnehmer eingehen werden. Es moderiert Arch. Verena Unterberger.<br \/>\nAnschlie\u00dfend folgt im zweiten Teil eine Einf\u00fchrung in das Gesetz durch den Ressortleiter Raumentwicklung, Landschaft und Denkmalpflege Frank Weber und einer weiteren M\u00f6glichkeit der Teilnehmer, Fragen zu stellen.<\/p>\n<p><strong>PROGRAMM:<\/strong><\/p>\n<p><strong>Im Dialog<\/strong><br \/>\n&#8211; Landesr\u00e4tin Maria Hochgruber Kuenzer und Gemeindenverbandspr\u00e4sident Andreas Schatzer mit den Teilnehmern<\/p>\n<p><strong>Referat &#8220;Das neue Landesgesetz Raum und Landschaft&#8221;<\/strong><br \/>\n&#8211; Ziele<br \/>\n&#8211; Kommissionen<br \/>\n&#8211; Sachverst\u00e4ndigenverzeichnis<\/p>\n<p>Die Fragen der Teilnehmer an die ReferentInnen k\u00f6nnen vorab an die E-Mail-Adresse info@archacademy.it gesendet oder in der Veranstaltung direkt im Live-Chat formuliert werden.<\/p>\n<p><strong>ReferentInnen:<\/strong><br \/>\n<strong>Maria Hochgruber Kuenzer<\/strong>, Landesr\u00e4tin f\u00fcr Raumentwicklung, Landschaft und Denkmalpflege der Autonomen Provinz Bozen<br \/>\n<strong>Andreas Schatzer<\/strong>, Pr\u00e4sident des S\u00fcdtiroler Gemeindenverbandes<br \/>\n<strong>Frank Weber<\/strong>, Ressortleiter Raumentwicklung, Landschaft und Denkmalpflege der Autonomen Provinz Bozen<\/p>\n<p>S<strong>PRACHE:<\/strong> DE (mit Simultan\u00fcbersetzung Italienisch)<\/p>\n<p>Wir empfehlen allen TeilnehmerInnen jene Artikel des neuen Landesgesetzes f\u00fcr Raum und Landschaft zu lesen, welche Inhalt der einzelnen Module sind, um eine m\u00f6glichst konkrete Fragenrunde zu f\u00f6rdern. Link zum neuen Landesgesetz Raum und Landschaft &lt;&lt;<a href=\"http:\/\/lexbrowser.provinz.bz.it\/doc\/de\/212899\/landesgesetz_vom_10_juli_2018_nr_9.aspx?view=1&amp;a=2018&amp;n=9&amp;in=24\" target=\"_blank\" rel=\"noopener noreferrer\">HIER<\/a>&gt;&gt;<\/p>\n<p><strong>ACHTUNG | ATTENZIONE:<\/strong><br \/>\n<strong>PER L&#8217;ISCRIZIONE ALL&#8217;EVENTO IN LINGUA ITALIANA, SI PREGA DI CAMBIARE SULLA VERSIONE ITALIANA DEL SITO; UNO SCAMBIO DELLA LINGUA ALL&#8217;INTERNO DEGLI EVENTI IN MODALIT\u00c1 ONLINE NON \u00c9 PIU POSSIBILE.<br \/>\n<\/strong>ZUR ANMELDUNG AN DER VERANSTALTUNG IN ITALIENISCHER SPRACHE, WECHSELN SIE BITTE AUF DIE ITALIENISCHE VERSION DER HOMEPAGE; EIN WECHSEL DER SPRACHE INNERHALB DER VERANSTALTUNGEN IST IM ONLINE-MODUS NICHT MEHR M\u00d6GLICH.<\/p>\n<p>Modul 1 akkreditiert von:<br \/>\nKammer der Architekten RLD Bozen, <strong>2 BFC<br \/>\n<\/strong>Kammer der Ingenieure Bozen,<strong> 2 BFC<br \/>\n<\/strong>Kammer der Periti Industriali Bozen,<strong> 2 BFC<br \/>\n<\/strong>Berufskollegium der Dipl. Agrartechniker und Dipl. Agrartechniker mit Universit\u00e4tsabschlu\u00df,<strong> 0,25 BFC<br \/>\n<\/strong><\/p>\n<p>Sollte die Anzahl der Credits Ihrer Berufskammer bzw. -kollegiums nicht aufscheinen, bitten wir Sie sich direkt an diese zu wenden.<\/p>\n<p>Folgende zus\u00e4tzliche Module sind bereits geplant und eine Einschreibung ist ebenfalls m\u00f6glich:<\/p>\n<p><strong>Modul 2 | 15.05.2020, 15.00 &#8211; 17.00 Uhr<\/strong><br \/>\nDas neue Landesgesetz Raum und Landschaft: <strong>LANDSCHAFT<\/strong><br \/>\n<strong>Modul 3 | 20.05.2020, 15.00 \u2013 18.00 Uhr<\/strong><br \/>\nDas neue Landesgesetz Raum und Landschaft: <strong>RAUMPLANUNG<\/strong><br \/>\n<strong>Modul 4 | 29.05.2020, 15.00 \u2013 17.00 Uhr<\/strong><br \/>\nDas neue Landesgesetz Raum und Landschaft: <strong>UMWELTPR\u00dcFUNG UND GEODATEN<\/strong><\/p>\n<p>Alle Inhalte der einzelnen Module werden simultan Deutsch, Italienisch \u00fcbersetzt.<\/p>\n<p>Der Programmflyer der gesamten Fortbildungsreihe kann &lt;&lt;<a href=\"https:\/\/archacademy.it\/wp-content\/uploads\/2018\/01\/Programm-Program.pdf\" target=\"_blank\" rel=\"noopener noreferrer\">HIER<\/a>&gt;&gt; heruntergeladen werden.<\/p>\n","protected":false},"author":94,"featured_media":46997,"comment_status":"closed","ping_status":"closed","template":"","meta":{"_expiration-date-status":"","_expiration-date":0,"_expiration-date-type":"","_expiration-date-categories":[],"_expiration-date-options":[]},"product_cat":[223],"product_tag":[],"class_list":{"0":"post-46988","1":"product","2":"type-product","3":"status-publish","4":"has-post-thumbnail","6":"product_cat-webinars-de","7":"tm-has-options","9":"first","10":"outofstock","11":"downloadable","12":"virtual","13":"sold-individually","14":"taxable","15":"purchasable","16":"product-type-simple"},"_links":{"self":[{"href":"https:\/\/archacademy.it\/de\/wp-json\/wp\/v2\/product\/46988"}],"collection":[{"href":"https:\/\/archacademy.it\/de\/wp-json\/wp\/v2\/product"}],"about":[{"href":"https:\/\/archacademy.it\/de\/wp-json\/wp\/v2\/types\/product"}],"author":[{"embeddable":true,"href":"https:\/\/archacademy.it\/de\/wp-json\/wp\/v2\/users\/94"}],"replies":[{"embeddable":true,"href":"https:\/\/archacademy.it\/de\/wp-json\/wp\/v2\/comments?post=46988"}],"wp:featuredmedia":[{"embeddable":true,"href":"https:\/\/archacademy.it\/de\/wp-json\/wp\/v2\/media\/46997"}],"wp:attachment":[{"href":"https:\/\/archacademy.it\/de\/wp-json\/wp\/v2\/media?parent=46988"}],"wp:term":[{"taxonomy":"product_cat","embeddable":true,"href":"https:\/\/archacademy.it\/de\/wp-json\/wp\/v2\/product_cat?post=46988"},{"taxonomy":"product_tag","embeddable":true,"href":"https:\/\/archacademy.it\/de\/wp-json\/wp\/v2\/product_tag?post=46988"}],"curies":[{"name":"wp","href":"https:\/\/api.w.org\/{rel}","templated":true}]}}

<p>Seit die geltenden Gesetze für Raumordnung und Landschaftsschutz geschrieben wurden, haben sich Südtirol und seine Gesellschaft gewandelt.</p>
<p>Das neue Landesgesetz Raum und Landschaft wird voraussichtlich am 01.07.2020 in Kraft treten und jenes für Raumordnung und jenes für den Landschaftsschutz ablösen.<br />
Der Interdisziplinärer Ausschuss der technischen Berufskammern und Kollegien der autonomen Provinz Bozen &#8211; Südtirol und die arch.academy bieten, in Zusammenarbeit mit der Autonomen Provinz Bozen „Abteilung Natur, Raum, und Landschaftsentwicklung, dem Südtiroler Gemeindenverband und der Handelskammer Bozen, die Online-Fortbildungsreihe zum neuen Landesgesetz Raum und Landschaft an, welche die bis jetzt feststehenden gesetzlichen Grundlagen des Gesetzes behandelt.</p>
<p>Auftakt in diesem Modul bilden die Stellungnahmen von Landesrätin Maria Hochgruber Kuenzer und Gemeindenverbandspräsident Andreas Schatzer, welche Live auch auf Fragen der Teilnehmer eingehen werden. Es moderiert Arch. Verena Unterberger.<br />
Anschließend folgt im zweiten Teil eine Einführung in das Gesetz durch den Ressortleiter Raumentwicklung, Landschaft und Denkmalpflege Frank Weber und einer weiteren Möglichkeit der Teilnehmer, Fragen zu stellen.</p>
<p><strong>PROGRAMM:</strong></p>
<p><strong>Im Dialog</strong><br />
&#8211; Landesrätin Maria Hochgruber Kuenzer und Gemeindenverbandspräsident Andreas Schatzer mit den Teilnehmern</p>
<p><strong>Referat &#8220;Das neue Landesgesetz Raum und Landschaft&#8221;</strong><br />
&#8211; Ziele<br />
&#8211; Kommissionen<br />
&#8211; Sachverständigenverzeichnis</p>
<p>Die Fragen der Teilnehmer an die ReferentInnen können vorab an die E-Mail-Adresse info@archacademy.it gesendet oder in der Veranstaltung direkt im Live-Chat formuliert werden.</p>
<p><strong>ReferentInnen:</strong><br />
<strong>Maria Hochgruber Kuenzer</strong>, Landesrätin für Raumentwicklung, Landschaft und Denkmalpflege der Autonomen Provinz Bozen<br />
<strong>Andreas Schatzer</strong>, Präsident des Südtiroler Gemeindenverbandes<br />
<strong>Frank Weber</strong>, Ressortleiter Raumentwicklung, Landschaft und Denkmalpflege der Autonomen Provinz Bozen</p>
<p>S<strong>PRACHE:</strong> DE (mit Simultanübersetzung Italienisch)</p>
<p>Wir empfehlen allen TeilnehmerInnen jene Artikel des neuen Landesgesetzes für Raum und Landschaft zu lesen, welche Inhalt der einzelnen Module sind, um eine möglichst konkrete Fragenrunde zu fördern. Link zum neuen Landesgesetz Raum und Landschaft &lt;&lt;<a href="http://lexbrowser.provinz.bz.it/doc/de/212899/landesgesetz_vom_10_juli_2018_nr_9.aspx?view=1&amp;a=2018&amp;n=9&amp;in=24" target="_blank" rel="noopener noreferrer">HIER</a>&gt;&gt;</p>
<p><strong>ACHTUNG | ATTENZIONE:</strong><br />
<strong>PER L&#8217;ISCRIZIONE ALL&#8217;EVENTO IN LINGUA ITALIANA, SI PREGA DI CAMBIARE SULLA VERSIONE ITALIANA DEL SITO; UNO SCAMBIO DELLA LINGUA ALL&#8217;INTERNO DEGLI EVENTI IN MODALITÁ ONLINE NON É PIU POSSIBILE.<br />
</strong>ZUR ANMELDUNG AN DER VERANSTALTUNG IN ITALIENISCHER SPRACHE, WECHSELN SIE BITTE AUF DIE ITALIENISCHE VERSION DER HOMEPAGE; EIN WECHSEL DER SPRACHE INNERHALB DER VERANSTALTUNGEN IST IM ONLINE-MODUS NICHT MEHR MÖGLICH.</p>
<p>Modul 1 akkreditiert von:<br />
Kammer der Architekten RLD Bozen, <strong>2 BFC<br />
</strong>Kammer der Ingenieure Bozen,<strong> 2 BFC<br />
</strong>Kammer der Periti Industriali Bozen,<strong> 2 BFC<br />
</strong>Berufskollegium der Dipl. Agrartechniker und Dipl. Agrartechniker mit Universitätsabschluß,<strong> 0,25 BFC<br />
</strong></p>
<p>Sollte die Anzahl der Credits Ihrer Berufskammer bzw. -kollegiums nicht aufscheinen, bitten wir Sie sich direkt an diese zu wenden.</p>
<p>Folgende zusätzliche Module sind bereits geplant und eine Einschreibung ist ebenfalls möglich:</p>
<p><strong>Modul 2 | 15.05.2020, 15.00 &#8211; 17.00 Uhr</strong><br />
Das neue Landesgesetz Raum und Landschaft: <strong>LANDSCHAFT</strong><br />
<strong>Modul 3 | 20.05.2020, 15.00 – 18.00 Uhr</strong><br />
Das neue Landesgesetz Raum und Landschaft: <strong>RAUMPLANUNG</strong><br />
<strong>Modul 4 | 29.05.2020, 15.00 – 17.00 Uhr</strong><br />
Das neue Landesgesetz Raum und Landschaft: <strong>UMWELTPRÜFUNG UND GEODATEN</strong></p>
<p>Alle Inhalte der einzelnen Module werden simultan Deutsch, Italienisch übersetzt.</p>
<p>Der Programmflyer der gesamten Fortbildungsreihe kann &lt;&lt;<a href="https://archacademy.it/wp-content/uploads/2018/01/Programm-Program.pdf" target="_blank" rel="noopener noreferrer">HIER</a>&gt;&gt; heruntergeladen werden.</p>
